{"id":117,"date":"2025-09-24T08:03:29","date_gmt":"2025-09-24T06:03:29","guid":{"rendered":"https:\/\/ahassan.inscastellbisbal.net\/?page_id=117"},"modified":"2025-10-21T09:03:43","modified_gmt":"2025-10-21T07:03:43","slug":"configuracio-de-redireccio-al-correu-corporatiu","status":"publish","type":"page","link":"https:\/\/ahassan.inscastellbisbal.net\/?page_id=117","title":{"rendered":"Configuraci\u00f3 de redirecci\u00f3 al correu corporatiu"},"content":{"rendered":"\n<h3 class=\"wp-block-heading\">Pas 1: Entra a Gmail i obre la configuraci\u00f3<\/h3>\n\n\n\n<ul class=\"wp-block-list\">\n<li>Fes clic a la icona de rodet  a dalt a la dreta.<\/li>\n<\/ul>\n\n\n\n<figure class=\"wp-block-image size-full\"><img loading=\"lazy\" decoding=\"async\" width=\"262\" height=\"49\" src=\"https:\/\/ahassan.inscastellbisbal.net\/wp-content\/uploads\/2025\/09\/Screenshot-2025-09-23-at-13-50-58-Safata-dentrada-8-ali.hassan34920@gmail.com-Gmail-1.png\" alt=\"\" class=\"wp-image-103\"\/><\/figure>\n\n\n\n<ul class=\"wp-block-list\">\n<li>Despr\u00e9s, clica a <strong>&#8220;Veure tota la configuraci\u00f3&#8221;<\/strong>.<\/li>\n<\/ul>\n\n\n\n<figure class=\"wp-block-image size-full\"><img loading=\"lazy\" decoding=\"async\" width=\"320\" height=\"104\" src=\"https:\/\/ahassan.inscastellbisbal.net\/wp-content\/uploads\/2025\/09\/image.png\" alt=\"\" class=\"wp-image-231\" srcset=\"https:\/\/ahassan.inscastellbisbal.net\/wp-content\/uploads\/2025\/09\/image.png 320w, https:\/\/ahassan.inscastellbisbal.net\/wp-content\/uploads\/2025\/09\/image-300x98.png 300w\" sizes=\"auto, (max-width: 320px) 100vw, 320px\" \/><\/figure>\n\n\n\n<hr class=\"wp-block-separator has-alpha-channel-opacity\"\/>\n\n\n\n<h3 class=\"wp-block-heading\">Pas 2: Obre la pestanya &#8220;Reenviament i correu POP\/IMAP&#8221;<\/h3>\n\n\n\n<ul class=\"wp-block-list\">\n<li>A la nova pantalla, selecciona la pestanya <strong>&#8220;Reenviament i correu POP\/IMAP&#8221;<\/strong>.<\/li>\n<\/ul>\n\n\n\n<figure class=\"wp-block-image size-large\"><img loading=\"lazy\" decoding=\"async\" width=\"1024\" height=\"199\" src=\"https:\/\/ahassan.inscastellbisbal.net\/wp-content\/uploads\/2025\/09\/image-3-1024x199.png\" alt=\"\" class=\"wp-image-238\" srcset=\"https:\/\/ahassan.inscastellbisbal.net\/wp-content\/uploads\/2025\/09\/image-3-1024x199.png 1024w, https:\/\/ahassan.inscastellbisbal.net\/wp-content\/uploads\/2025\/09\/image-3-300x58.png 300w, https:\/\/ahassan.inscastellbisbal.net\/wp-content\/uploads\/2025\/09\/image-3-768x149.png 768w, https:\/\/ahassan.inscastellbisbal.net\/wp-content\/uploads\/2025\/09\/image-3.png 1263w\" sizes=\"auto, (max-width: 1024px) 100vw, 1024px\" \/><\/figure>\n\n\n\n<hr class=\"wp-block-separator has-alpha-channel-opacity\"\/>\n\n\n\n<h3 class=\"wp-block-heading\">Pas 3: Afegeix una adre\u00e7a de reenviament<\/h3>\n\n\n\n<ul class=\"wp-block-list\">\n<li>Fes clic a <strong>&#8220;Afegeix una adre\u00e7a de reenviament&#8221;<\/strong>.<\/li>\n<\/ul>\n\n\n\n<figure class=\"wp-block-image size-large\"><img loading=\"lazy\" decoding=\"async\" width=\"1024\" height=\"200\" src=\"https:\/\/ahassan.inscastellbisbal.net\/wp-content\/uploads\/2025\/10\/image-58-1024x200.png\" alt=\"\" class=\"wp-image-669\" srcset=\"https:\/\/ahassan.inscastellbisbal.net\/wp-content\/uploads\/2025\/10\/image-58-1024x200.png 1024w, https:\/\/ahassan.inscastellbisbal.net\/wp-content\/uploads\/2025\/10\/image-58-300x58.png 300w, https:\/\/ahassan.inscastellbisbal.net\/wp-content\/uploads\/2025\/10\/image-58-768x150.png 768w, https:\/\/ahassan.inscastellbisbal.net\/wp-content\/uploads\/2025\/10\/image-58.png 1139w\" sizes=\"auto, (max-width: 1024px) 100vw, 1024px\" \/><\/figure>\n\n\n\n<ul class=\"wp-block-list\">\n<li>Introdueix el teu correu corporatiu .<\/li>\n\n\n\n<li>Fes clic a <strong>Seg\u00fcent<\/strong> i despr\u00e9s a <strong>Continua<\/strong>.<\/li>\n<\/ul>\n\n\n\n<figure class=\"wp-block-image size-full\"><img loading=\"lazy\" decoding=\"async\" width=\"674\" height=\"293\" src=\"https:\/\/ahassan.inscastellbisbal.net\/wp-content\/uploads\/2025\/10\/image-57.png\" alt=\"\" class=\"wp-image-668\" srcset=\"https:\/\/ahassan.inscastellbisbal.net\/wp-content\/uploads\/2025\/10\/image-57.png 674w, https:\/\/ahassan.inscastellbisbal.net\/wp-content\/uploads\/2025\/10\/image-57-300x130.png 300w\" sizes=\"auto, (max-width: 674px) 100vw, 674px\" \/><\/figure>\n\n\n\n<hr class=\"wp-block-separator has-alpha-channel-opacity\"\/>\n\n\n\n<h3 class=\"wp-block-heading\">Pas 4: Comprova el correu corporatiu<\/h3>\n\n\n\n<ul class=\"wp-block-list\">\n<li>Revisa la safata d\u2019entrada del correu corporatiu.<\/li>\n\n\n\n<li>Hi trobar\u00e0s un missatge de Gmail amb un codi de verificaci\u00f3 o un enlla\u00e7 per confirmar.<\/li>\n<\/ul>\n\n\n\n<hr class=\"wp-block-separator has-alpha-channel-opacity\"\/>\n\n\n\n<h3 class=\"wp-block-heading\">Pas 5: Introdueix el codi de verificaci\u00f3 a Gmail<\/h3>\n\n\n\n<ul class=\"wp-block-list\">\n<li>Torna a Gmail i introdueix el codi de verificaci\u00f3.<\/li>\n\n\n\n<li>Fes clic a <strong>Verifica<\/strong>.<\/li>\n<\/ul>\n\n\n\n<figure class=\"wp-block-image size-large\"><img loading=\"lazy\" decoding=\"async\" width=\"1024\" height=\"440\" src=\"https:\/\/ahassan.inscastellbisbal.net\/wp-content\/uploads\/2025\/10\/Screenshot-2025-10-21-at-08-52-43-Codigo-de-verificacion-de-Google-ali.hassan@inscastellbisbal.net-Correu-de-Institut-Castellbisbal-1-1024x440.png\" alt=\"\" class=\"wp-image-670\" srcset=\"https:\/\/ahassan.inscastellbisbal.net\/wp-content\/uploads\/2025\/10\/Screenshot-2025-10-21-at-08-52-43-Codigo-de-verificacion-de-Google-ali.hassan@inscastellbisbal.net-Correu-de-Institut-Castellbisbal-1-1024x440.png 1024w, https:\/\/ahassan.inscastellbisbal.net\/wp-content\/uploads\/2025\/10\/Screenshot-2025-10-21-at-08-52-43-Codigo-de-verificacion-de-Google-ali.hassan@inscastellbisbal.net-Correu-de-Institut-Castellbisbal-1-300x129.png 300w, https:\/\/ahassan.inscastellbisbal.net\/wp-content\/uploads\/2025\/10\/Screenshot-2025-10-21-at-08-52-43-Codigo-de-verificacion-de-Google-ali.hassan@inscastellbisbal.net-Correu-de-Institut-Castellbisbal-1-768x330.png 768w, https:\/\/ahassan.inscastellbisbal.net\/wp-content\/uploads\/2025\/10\/Screenshot-2025-10-21-at-08-52-43-Codigo-de-verificacion-de-Google-ali.hassan@inscastellbisbal.net-Correu-de-Institut-Castellbisbal-1-1536x659.png 1536w, https:\/\/ahassan.inscastellbisbal.net\/wp-content\/uploads\/2025\/10\/Screenshot-2025-10-21-at-08-52-43-Codigo-de-verificacion-de-Google-ali.hassan@inscastellbisbal.net-Correu-de-Institut-Castellbisbal-1.png 1752w\" sizes=\"auto, (max-width: 1024px) 100vw, 1024px\" \/><\/figure>\n\n\n\n<hr class=\"wp-block-separator has-alpha-channel-opacity\"\/>\n\n\n\n<h3 class=\"wp-block-heading\">Pas 6: Activa el reenviament<\/h3>\n\n\n\n<ul class=\"wp-block-list\">\n<li>Selecciona l\u2019opci\u00f3 <strong>&#8220;Reenvia una c\u00f2pia del correu entrant a&#8230;&#8221;<\/strong> i tria l\u2019adre\u00e7a corporativa.<\/li>\n\n\n\n<li>Decideix qu\u00e8 vols que passi amb la c\u00f2pia de Gmail (conservar, arxivar, eliminar).<\/li>\n<\/ul>\n\n\n\n<hr class=\"wp-block-separator has-alpha-channel-opacity\"\/>\n\n\n\n<h3 class=\"wp-block-heading\">Pas 7: Desa els canvis<\/h3>\n\n\n\n<ul class=\"wp-block-list\">\n<li>Fes clic a <strong>Desa els canvis<\/strong> a baix de la p\u00e0gina.<\/li>\n<\/ul>\n\n\n\n<figure class=\"wp-block-image size-large\"><img loading=\"lazy\" decoding=\"async\" width=\"1024\" height=\"377\" src=\"https:\/\/ahassan.inscastellbisbal.net\/wp-content\/uploads\/2025\/10\/image-59-1024x377.png\" alt=\"\" class=\"wp-image-671\" srcset=\"https:\/\/ahassan.inscastellbisbal.net\/wp-content\/uploads\/2025\/10\/image-59-1024x377.png 1024w, https:\/\/ahassan.inscastellbisbal.net\/wp-content\/uploads\/2025\/10\/image-59-300x111.png 300w, https:\/\/ahassan.inscastellbisbal.net\/wp-content\/uploads\/2025\/10\/image-59-768x283.png 768w, https:\/\/ahassan.inscastellbisbal.net\/wp-content\/uploads\/2025\/10\/image-59.png 1151w\" sizes=\"auto, (max-width: 1024px) 100vw, 1024px\" \/><\/figure>\n\n\n\n<hr class=\"wp-block-separator has-alpha-channel-opacity\"\/>\n\n\n\n<h2 class=\"wp-block-heading\">I ja est\u00e0!<\/h2>\n\n\n\n<p>A partir d\u2019aquest moment, els correus que arribin a Gmail es reenviaran autom\u00e0ticament al correu corporatiu.<\/p>\n\n\n\n<p><\/p>\n","protected":false},"excerpt":{"rendered":"<p>Pas 1: Entra a Gmail i obre la configuraci\u00f3 Pas 2: Obre la pestanya &#8220;Reenviament i correu POP\/IMAP&#8221; Pas 3: Afegeix una adre\u00e7a de reenviament Pas 4: Comprova el correu corporatiu Pas 5: Introdueix el codi de verificaci\u00f3 a Gmail Pas 6: Activa el reenviament Pas 7: Desa els canvis [&hellip;]<\/p>\n","protected":false},"author":1,"featured_media":0,"parent":78,"menu_order":0,"comment_status":"closed","ping_status":"closed","template":"","meta":{"footnotes":""},"class_list":["post-117","page","type-page","status-publish","hentry"],"_links":{"self":[{"href":"https:\/\/ahassan.inscastellbisbal.net\/index.php?rest_route=\/wp\/v2\/pages\/117","targetHints":{"allow":["GET"]}}],"collection":[{"href":"https:\/\/ahassan.inscastellbisbal.net\/index.php?rest_route=\/wp\/v2\/pages"}],"about":[{"href":"https:\/\/ahassan.inscastellbisbal.net\/index.php?rest_route=\/wp\/v2\/types\/page"}],"author":[{"embeddable":true,"href":"https:\/\/ahassan.inscastellbisbal.net\/index.php?rest_route=\/wp\/v2\/users\/1"}],"replies":[{"embeddable":true,"href":"https:\/\/ahassan.inscastellbisbal.net\/index.php?rest_route=%2Fwp%2Fv2%2Fcomments&post=117"}],"version-history":[{"count":6,"href":"https:\/\/ahassan.inscastellbisbal.net\/index.php?rest_route=\/wp\/v2\/pages\/117\/revisions"}],"predecessor-version":[{"id":672,"href":"https:\/\/ahassan.inscastellbisbal.net\/index.php?rest_route=\/wp\/v2\/pages\/117\/revisions\/672"}],"up":[{"embeddable":true,"href":"https:\/\/ahassan.inscastellbisbal.net\/index.php?rest_route=\/wp\/v2\/pages\/78"}],"wp:attachment":[{"href":"https:\/\/ahassan.inscastellbisbal.net\/index.php?rest_route=%2Fwp%2Fv2%2Fmedia&parent=117"}],"curies":[{"name":"wp","href":"https:\/\/api.w.org\/{rel}","templated":true}]}}