{"id":1179,"date":"2025-11-19T11:05:43","date_gmt":"2025-11-19T10:05:43","guid":{"rendered":"https:\/\/ahassan.inscastellbisbal.net\/?page_id=1179"},"modified":"2025-11-19T11:06:12","modified_gmt":"2025-11-19T10:06:12","slug":"creacio-de-cursos","status":"publish","type":"page","link":"https:\/\/ahassan.inscastellbisbal.net\/?page_id=1179","title":{"rendered":"Creaci\u00f3 de cursos"},"content":{"rendered":"\n<p>Per crear <strong>cursos<\/strong>, heu d&#8217;accedir al vostre <strong>compte<\/strong> d&#8217;<strong>administrador<\/strong> de <strong>Moodle<\/strong> per tenir tot l&#8217;<strong>acc\u00e9s<\/strong> per <strong>editar<\/strong> i <strong>crear<\/strong>.<\/p>\n\n\n\n<figure class=\"wp-block-image size-full is-resized\"><img loading=\"lazy\" decoding=\"async\" width=\"871\" height=\"427\" src=\"https:\/\/ahassan.inscastellbisbal.net\/wp-content\/uploads\/2025\/11\/image-15.png\" alt=\"\" class=\"wp-image-1194\" style=\"width:450px;height:auto\" srcset=\"https:\/\/ahassan.inscastellbisbal.net\/wp-content\/uploads\/2025\/11\/image-15.png 871w, https:\/\/ahassan.inscastellbisbal.net\/wp-content\/uploads\/2025\/11\/image-15-300x147.png 300w, https:\/\/ahassan.inscastellbisbal.net\/wp-content\/uploads\/2025\/11\/image-15-768x377.png 768w\" sizes=\"auto, (max-width: 871px) 100vw, 871px\" \/><\/figure>\n\n\n\n<p>despr\u00e9s d&#8217;<strong>accedir<\/strong> al <strong>compte<\/strong>, aneu al punt d&#8217;<strong>administraci\u00f3<\/strong> del sitio de web.<\/p>\n\n\n\n<figure class=\"wp-block-image size-full is-resized\"><img loading=\"lazy\" decoding=\"async\" width=\"980\" height=\"481\" src=\"https:\/\/ahassan.inscastellbisbal.net\/wp-content\/uploads\/2025\/11\/image-16.png\" alt=\"\" class=\"wp-image-1195\" style=\"width:446px;height:auto\" srcset=\"https:\/\/ahassan.inscastellbisbal.net\/wp-content\/uploads\/2025\/11\/image-16.png 980w, https:\/\/ahassan.inscastellbisbal.net\/wp-content\/uploads\/2025\/11\/image-16-300x147.png 300w, https:\/\/ahassan.inscastellbisbal.net\/wp-content\/uploads\/2025\/11\/image-16-768x377.png 768w\" sizes=\"auto, (max-width: 980px) 100vw, 980px\" \/><\/figure>\n\n\n\n<p>llavors has de fer <strong>clic<\/strong> a l&#8217;opci\u00f3 de <strong>crear un curs nou.<\/strong><\/p>\n\n\n\n<figure class=\"wp-block-image size-full is-resized\"><img loading=\"lazy\" decoding=\"async\" width=\"1006\" height=\"493\" src=\"https:\/\/ahassan.inscastellbisbal.net\/wp-content\/uploads\/2025\/11\/image-17.png\" alt=\"\" class=\"wp-image-1196\" style=\"width:440px;height:auto\" srcset=\"https:\/\/ahassan.inscastellbisbal.net\/wp-content\/uploads\/2025\/11\/image-17.png 1006w, https:\/\/ahassan.inscastellbisbal.net\/wp-content\/uploads\/2025\/11\/image-17-300x147.png 300w, https:\/\/ahassan.inscastellbisbal.net\/wp-content\/uploads\/2025\/11\/image-17-768x376.png 768w\" sizes=\"auto, (max-width: 1006px) 100vw, 1006px\" \/><\/figure>\n\n\n\n<p>llavors has d&#8217;<strong>escriure<\/strong> el <strong>nom<\/strong> i omplir els espais <strong>necessaris<\/strong>.<\/p>\n\n\n\n<figure class=\"wp-block-image size-full is-resized\"><img loading=\"lazy\" decoding=\"async\" width=\"980\" height=\"480\" src=\"https:\/\/ahassan.inscastellbisbal.net\/wp-content\/uploads\/2025\/11\/image-18.png\" alt=\"\" class=\"wp-image-1197\" style=\"width:432px;height:auto\" srcset=\"https:\/\/ahassan.inscastellbisbal.net\/wp-content\/uploads\/2025\/11\/image-18.png 980w, https:\/\/ahassan.inscastellbisbal.net\/wp-content\/uploads\/2025\/11\/image-18-300x147.png 300w, https:\/\/ahassan.inscastellbisbal.net\/wp-content\/uploads\/2025\/11\/image-18-768x376.png 768w\" sizes=\"auto, (max-width: 980px) 100vw, 980px\" \/><\/figure>\n\n\n\n<p>despr\u00e9s feu <strong>clic<\/strong> a l&#8217;<strong>opci\u00f3<\/strong> de desar els <strong>canvis i mostrar.<\/strong><\/p>\n\n\n\n<figure class=\"wp-block-image size-full is-resized\"><img loading=\"lazy\" decoding=\"async\" width=\"728\" height=\"357\" src=\"https:\/\/ahassan.inscastellbisbal.net\/wp-content\/uploads\/2025\/11\/image-19.png\" alt=\"\" class=\"wp-image-1198\" style=\"width:445px;height:auto\" srcset=\"https:\/\/ahassan.inscastellbisbal.net\/wp-content\/uploads\/2025\/11\/image-19.png 728w, https:\/\/ahassan.inscastellbisbal.net\/wp-content\/uploads\/2025\/11\/image-19-300x147.png 300w\" sizes=\"auto, (max-width: 728px) 100vw, 728px\" \/><\/figure>\n\n\n\n<p> ja est\u00e0.aix\u00f2 \u00e9s tot, ja tens el teu <strong>curs creat.<\/strong><\/p>\n\n\n\n<figure class=\"wp-block-image size-large is-resized\"><img loading=\"lazy\" decoding=\"async\" width=\"1024\" height=\"499\" src=\"https:\/\/ahassan.inscastellbisbal.net\/wp-content\/uploads\/2025\/11\/Screenshot-2025-11-19-at-09-54-36-Mis-cursos-MODL-1-1024x499.png\" alt=\"\" class=\"wp-image-1193\" style=\"width:497px;height:auto\" srcset=\"https:\/\/ahassan.inscastellbisbal.net\/wp-content\/uploads\/2025\/11\/Screenshot-2025-11-19-at-09-54-36-Mis-cursos-MODL-1-1024x499.png 1024w, https:\/\/ahassan.inscastellbisbal.net\/wp-content\/uploads\/2025\/11\/Screenshot-2025-11-19-at-09-54-36-Mis-cursos-MODL-1-300x146.png 300w, https:\/\/ahassan.inscastellbisbal.net\/wp-content\/uploads\/2025\/11\/Screenshot-2025-11-19-at-09-54-36-Mis-cursos-MODL-1-768x374.png 768w, https:\/\/ahassan.inscastellbisbal.net\/wp-content\/uploads\/2025\/11\/Screenshot-2025-11-19-at-09-54-36-Mis-cursos-MODL-1-1536x749.png 1536w, https:\/\/ahassan.inscastellbisbal.net\/wp-content\/uploads\/2025\/11\/Screenshot-2025-11-19-at-09-54-36-Mis-cursos-MODL-1.png 1920w\" sizes=\"auto, (max-width: 1024px) 100vw, 1024px\" \/><\/figure>\n\n\n\n<p><\/p>\n","protected":false},"excerpt":{"rendered":"<p>Per crear cursos, heu d&#8217;accedir al vostre compte d&#8217;administrador de Moodle per tenir tot l&#8217;acc\u00e9s per editar i crear. despr\u00e9s d&#8217;accedir al compte, aneu al punt d&#8217;administraci\u00f3 del sitio de web. llavors has de fer clic a l&#8217;opci\u00f3 de crear un curs nou. llavors has d&#8217;escriure el nom i omplir [&hellip;]<\/p>\n","protected":false},"author":1,"featured_media":0,"parent":830,"menu_order":0,"comment_status":"closed","ping_status":"closed","template":"","meta":{"footnotes":""},"class_list":["post-1179","page","type-page","status-publish","hentry"],"_links":{"self":[{"href":"https:\/\/ahassan.inscastellbisbal.net\/index.php?rest_route=\/wp\/v2\/pages\/1179","targetHints":{"allow":["GET"]}}],"collection":[{"href":"https:\/\/ahassan.inscastellbisbal.net\/index.php?rest_route=\/wp\/v2\/pages"}],"about":[{"href":"https:\/\/ahassan.inscastellbisbal.net\/index.php?rest_route=\/wp\/v2\/types\/page"}],"author":[{"embeddable":true,"href":"https:\/\/ahassan.inscastellbisbal.net\/index.php?rest_route=\/wp\/v2\/users\/1"}],"replies":[{"embeddable":true,"href":"https:\/\/ahassan.inscastellbisbal.net\/index.php?rest_route=%2Fwp%2Fv2%2Fcomments&post=1179"}],"version-history":[{"count":1,"href":"https:\/\/ahassan.inscastellbisbal.net\/index.php?rest_route=\/wp\/v2\/pages\/1179\/revisions"}],"predecessor-version":[{"id":1199,"href":"https:\/\/ahassan.inscastellbisbal.net\/index.php?rest_route=\/wp\/v2\/pages\/1179\/revisions\/1199"}],"up":[{"embeddable":true,"href":"https:\/\/ahassan.inscastellbisbal.net\/index.php?rest_route=\/wp\/v2\/pages\/830"}],"wp:attachment":[{"href":"https:\/\/ahassan.inscastellbisbal.net\/index.php?rest_route=%2Fwp%2Fv2%2Fmedia&parent=1179"}],"curies":[{"name":"wp","href":"https:\/\/api.w.org\/{rel}","templated":true}]}}