{"id":1607,"date":"2026-02-06T09:16:56","date_gmt":"2026-02-06T08:16:56","guid":{"rendered":"https:\/\/ahassan.inscastellbisbal.net\/?page_id=1607"},"modified":"2026-04-28T11:19:57","modified_gmt":"2026-04-28T09:19:57","slug":"smx-1r","status":"publish","type":"page","link":"https:\/\/ahassan.inscastellbisbal.net\/?page_id=1607","title":{"rendered":"SMX 1r"},"content":{"rendered":"\n<div class=\"wp-block-columns alignwide is-layout-flex wp-container-core-columns-is-layout-0b577f17 wp-block-columns-is-layout-flex\" style=\"padding-top:0;padding-right:0;padding-bottom:0;padding-left:0\">\n<div class=\"wp-block-column is-vertically-aligned-center is-layout-flow wp-block-column-is-layout-flow\">\n<p class=\"has-text-align-left has-accent-color has-text-color has-link-color has-small-font-size wp-elements-2761024582db8f3ec39371cde5a8aca0\" style=\"font-style:normal;font-weight:600;text-transform:uppercase\">SMX-1r<\/p>\n\n\n\n<h2 class=\"wp-block-heading\">Sistemes microinform\u00e0tics i xarxes: <\/h2>\n\n\n\n<p class=\"has-text-align-left\">El cicle formatiu de grau mitj\u00e0 en <strong>Sistemes Microinform\u00e0tics i Xarxes (SMX)<\/strong> \u00e9s una formaci\u00f3 de 2.000 hores (dos cursos) que capacita per instal\u00b7lar, configurar i mantenir equips inform\u00e0tics, xarxes locals i sistemes operatius. Prepara per a rols com a t\u00e8cnic de suport, reparador d&#8217;equips i gestor de xarxes en petites empreses.&nbsp;<\/p>\n\n\n\n<div class=\"wp-block-buttons alignwide is-content-justification-center is-layout-flex wp-container-core-buttons-is-layout-a89b3969 wp-block-buttons-is-layout-flex\">\n<div class=\"wp-block-button\"><a class=\"wp-block-button__link wp-element-button\" href=\"https:\/\/www.gencat.cat\/ensenyament\/eac\/pdf\/CFPM____IC10_CA.pdf\" target=\"_blank\" rel=\"noreferrer noopener\">Fitxa de l&#8217;estudi (PDF).<\/a><\/div>\n<\/div>\n<\/div>\n\n\n\n<div class=\"wp-block-column is-layout-flow wp-block-column-is-layout-flow\" style=\"flex-basis:40%\">\n<figure class=\"wp-block-image size-full is-resized has-custom-border is-style-default\"><img decoding=\"async\" src=\"https:\/\/ahassan.inscastellbisbal.net\/wp-content\/themes\/hestia\/inc\/compatibility\/block-patterns\/img\/hst-demo-2.jpeg\" alt=\"\" class=\"wp-image-321\" style=\"border-radius:8px;aspect-ratio:1;object-fit:cover;width:307px;height:auto\"\/><\/figure>\n\n\n\n<ul class=\"wp-block-list\">\n<li><strong>Ensenyament:<\/strong> Formaci\u00f3 professional<\/li>\n\n\n\n<li><strong>Grau:<\/strong> Grau mitj\u00e0<\/li>\n\n\n\n<li><strong>Titulaci\u00f3:<\/strong> T\u00e8cnic\/a<\/li>\n\n\n\n<li><strong>Sistema:<\/strong> LOE<\/li>\n\n\n\n<li><strong>Fam\u00edlia professional:<\/strong> Inform\u00e0tica i comunicacions<\/li>\n\n\n\n<li><strong>Entorn:<\/strong> Tecnologies de la informaci\u00f3<\/li>\n\n\n\n<li><strong>Codi:<\/strong> CFPM IC10<\/li>\n<\/ul>\n<\/div>\n<\/div>\n\n\n\n<hr class=\"wp-block-separator has-alpha-channel-opacity\"\/>\n\n\n\n<div class=\"wp-block-group\"><div class=\"wp-block-group__inner-container is-layout-constrained wp-block-group-is-layout-constrained\">\n<div class=\"wp-block-group\"><div class=\"wp-block-group__inner-container is-layout-constrained wp-block-group-is-layout-constrained\">\n<h2 class=\"wp-block-heading has-text-align-left\">Quines s\u00f3n les sortides acad\u00e8miques i professionals<\/h2>\n\n\n\n<details class=\"wp-block-details\"><summary><strong><em><mark style=\"background-color:rgba(0, 0, 0, 0)\" class=\"has-inline-color has-accent-color is-layout-flow wp-block-details-is-layout-flow\">Sortides acad\u00e8miques<\/mark><\/em><\/strong><\/summary>\n<p>Amb aquests estudis s&#8217;obt\u00e9 el t\u00edtol de <strong>t\u00e8cnic o t\u00e8cnica<\/strong>, que permet accedir:<\/p>\n\n\n\n<ul class=\"wp-block-list\">\n<li>al batxillerat,<\/li>\n\n\n\n<li>a un cicle de grau superior de formaci\u00f3 professional<\/li>\n<\/ul>\n\n\n\n<p><\/p>\n<\/details>\n\n\n\n<details class=\"wp-block-details\"><summary><strong><em><mark style=\"background-color:rgba(0, 0, 0, 0)\" class=\"has-inline-color has-accent-color is-layout-flow wp-block-details-is-layout-flow\">Sortides professionals<\/mark><\/em><\/strong><\/summary>\n<p>La superaci\u00f3 d&#8217;aquest cicle formatiu permet accedir al&nbsp;<strong>m\u00f3n laboral<\/strong>&nbsp;com a:<\/p>\n\n\n\n<ul class=\"wp-block-list\">\n<li>t\u00e8cnic instal\u00b7lador i reparador o t\u00e8cnica instal\u00b7ladora i reparadora d&#8217;equips inform\u00e0tics;<\/li>\n\n\n\n<li>t\u00e8cnic o t\u00e8cnica en manteniment de sistemes inform\u00e0tics;<\/li>\n\n\n\n<li>t\u00e8cnic o t\u00e8cnica en manteniment de serveis d&#8217;Internet;<\/li>\n\n\n\n<li>t\u00e8cnic o t\u00e8cnica de suport inform\u00e0tic;<\/li>\n\n\n\n<li>t\u00e8cnic o t\u00e8cnica de xarxes de dades;<\/li>\n\n\n\n<li>t\u00e8cnic o t\u00e8cnica en vendes de TIC per a sectors industrials;<\/li>\n\n\n\n<li>reparador o reparadora de perif\u00e8rics de sistemes microinform\u00e0tics;<\/li>\n\n\n\n<li>comercial de microinform\u00e0tica;<\/li>\n\n\n\n<li>operador o operadora de teleassist\u00e8ncia, i<\/li>\n\n\n\n<li>operador o operadora de sistemes.<\/li>\n<\/ul>\n<\/details>\n<\/div><\/div>\n<\/div><\/div>\n\n\n\n<div class=\"wp-block-group alignwide\"><div class=\"wp-block-group__inner-container is-layout-constrained wp-block-group-is-layout-constrained\">\n<h2 class=\"wp-block-heading has-text-align-left\">Qu\u00e8 necessito saber<\/h2>\n\n\n    <div class=\"wp-block-bplugins-custom-html\" id='bPluginsCustomHtml-1'>\n    <div class=\"tabs-container\">\n  <div class=\"tabs-header\">\n    <button class=\"tab-link active\" onclick=\"openTab(event, 'materies')\">Mat\u00e8ries i continguts<\/button>\n    <button class=\"tab-link\" onclick=\"openTab(event, 'access')\">Qu\u00e8 necessito per accedir-hi<\/button>\n    <button class=\"tab-link\" onclick=\"openTab(event, 'inscripcio')\">Com preinscriure&#8217;m<\/button>\n  <\/div>\n\n  <div id=\"materies\" class=\"tab-content\" style=\"display:block;\">\n    <ul>\n      <li>Muntatge i manteniment d&#8217;equips<\/li>\n      <li>Sistemes operatius monolloc<\/li>\n      <li>Aplicacions ofim\u00e0tiques<\/li>\n      <li>Xarxes locals<\/li>\n      <li>Seguretat inform\u00e0tica<\/li>\n      <li>Serveis de xarxa<\/li>\n      <li>Aplicacions web<\/li>\n      <li>Angl\u00e8s professional<\/li>\n      <li>Digitalitzaci\u00f3 aplicada als sectors productius<\/li>\n      <li>Sostenibilitat aplicada al sistema productiu<\/li>\n      <li>Itinerari personal per a l&#8217;ocupabilitat I<\/li>\n      <li>Itinerari personal per a l&#8217;ocupabilitat II<\/li>\n      <li>Projecte intermodular<\/li>\n      <li>M\u00f2dul professional optatiu<\/li>\n      <\/ul>\n  <\/div>\n\n  <div id=\"access\" class=\"tab-content\">\n    <p>Pots accedir als cicles de grau mitj\u00e0 si compleixes alguns dels requisits seg\u00fcents:<\/p>\n    <ul>\n      <li>Graduat\/ada en educaci\u00f3 secund\u00e0ria obligat\u00f2ria (ESO).<\/li>\n      <li>T\u00e8cnic\/a b\u00e0sic\/a.<\/li>\n      <li> T\u00e8cnic\/a.<\/li>\n      <li> T\u00e8cnic\/a superior.<\/li>\n      <li> T\u00e8cnic\/a auxiliar.<\/li>\n      <li> Batxillerat superior (plans educatius anteriors a la Llei org\u00e0nica 2\/2006, de 3 de maig).<\/li>\n      <li> Titulacions equivalents per accedir als cicles formatius de grau superior.<\/li>\n      <p>O b\u00e9, haver superat:<\/p>\n      <li>Una oferta formativa de certificat professional inclosa en el cicle.<\/li>\n      <li> Un curs de formaci\u00f3 preparatori per a l&#8217;acc\u00e9s als cicles de grau mitj\u00e0.<\/li>\n      <li> Una prova d&#8217;acc\u00e9s.<\/li>\n      <li> El segon curs del primer cicle experimental de reforma dels ensenyaments mitjans.<\/li>\n      <li> El tercer curs del Pla 1963 o segon de comuns experimental dels ensenyaments d&#8217;arts aplicades i oficis art\u00edstics.<\/li>\n      <li> El segon curs de BUP, amb un m\u00e0xim de dues mat\u00e8ries suspeses.<\/li>\n      <li>Haver superat la prova d&#8217;acc\u00e9s a la universitat per a m\u00e9s grans de 25 o de 45 anys, o haver accedit a la universitat per tenir 40 anys o m\u00e9s i acreditar experi\u00e8ncia laboral o professional.<\/li>\n      <li>Altres estudis o cursos de formaci\u00f3 equivalents acad\u00e8micament.<\/li>\n    <\/ul>\n  <\/div>\n\n  <div id=\"inscripcio\" class=\"tab-content\">\n    <p>Per cursar el cicle cal que presentis una <strong>sol\u00b7licitud de preinscripci\u00f3<\/strong> en el termini corresponent. Trobar\u00e0s m\u00e9s informaci\u00f3 al web <\/p>\n    <a href=\"https:\/\/preinscripcio.gencat.cat\/ca\/estudis\/fp-grau-mitja\/inici\/\" target=\"_blank\">preinscripcio.gencat.cat.<\/a>\n  <\/div>\n<\/div>\n\n<style>\n  \/* Estilos para el contenedor *\/\n  .tabs-container {\n    font-family: Arial, sans-serif;\n    border: 1px solid #ddd;\n    margin: 20px 0;\n  }\n\n  \/* Estilos de la cabecera (los botones) *\/\n  .tabs-header {\n    display: flex;\n    background-color: #f1f1f1;\n    border-bottom: 1px solid #ddd;\n  }\n\n  .tab-link {\n    background-color: inherit;\n    border: none;\n    outline: none;\n    cursor: pointer;\n    padding: 14px 20px;\n    transition: 0.3s;\n    font-size: 16px;\n    font-weight: bold;\n    color: #0066FF; \/* Color rojo similar al de la imagen *\/\n    border-right: 1px solid #ddd;\n  }\n\n  .tab-link:hover {\n    background-color: #ddd;\n  }\n\n  .tab-link.active {\n    background-color: #fff;\n    color: #333; \/* Texto oscuro cuando est\u00e1 activa *\/\n    border-bottom: 2px solid white;\n    margin-bottom: -1px;\n  }\n\n  \/* Estilos del contenido *\/\n  .tab-content {\n    display: none;\n    padding: 20px;\n    border-top: none;\n    animation: fadeEffect 0.5s;\n  }\n\n  @keyframes fadeEffect {\n    from {opacity: 0;}\n    to {opacity: 1;}\n  }\n<\/style>\n\n<script>\nfunction openTab(evt, tabName) {\n  var i, tabcontent, tablinks;\n  \n  \/\/ Ocultar todo el contenido\n  tabcontent = document.getElementsByClassName(\"tab-content\");\n  for (i = 0; i < tabcontent.length; i++) {\n    tabcontent[i].style.display = \"none\";\n  }\n\n  \/\/ Quitar la clase \"active\" de todos los botones\n  tablinks = document.getElementsByClassName(\"tab-link\");\n  for (i = 0; i < tablinks.length; i++) {\n    tablinks[i].className = tablinks[i].className.replace(\" active\", \"\");\n  }\n\n  \/\/ Mostrar la pesta\u00f1a actual y a\u00f1adir clase active al bot\u00f3n\n  document.getElementById(tabName).style.display = \"block\";\n  evt.currentTarget.className += \" active\";\n}\n<\/script>    <\/div>\n    \n\n\n<h2 class=\"wp-block-heading\">Centres on es pot cursar<\/h2>\n\n\n\n<p>Consulta a l'<a href=\"https:\/\/ioc.xtec.cat\/educacio\/cicles-formatius\" target=\"_blank\" rel=\"noreferrer noopener\">Institut Obert de Catalunya<\/a> si aquest estudi s'imparteix telem\u00e0ticament.<\/p>\n\n\n\n<p>Per cercar el centre has d'escollir la comarca<\/p>\n\n\n\n<hr class=\"wp-block-separator has-alpha-channel-opacity\"\/>\n\n\n\n<h2 class=\"wp-block-heading\">Informaci\u00f3 addicional<\/h2>\n\n\n\n<details class=\"wp-block-details\"><summary><mark style=\"background-color:rgba(0, 0, 0, 0)\" class=\"has-inline-color has-header-gradient-color is-layout-flow wp-block-details-is-layout-flow\">1. Normativa<\/mark><\/summary>\n<ul class=\"wp-block-list\">\n<li><a href=\"https:\/\/www.boe.es\/eli\/es\/rd\/2024\/05\/21\/499\" target=\"_blank\" rel=\"noreferrer noopener\">Reial decret 499\/2024, de 21 de maig,<\/a> pel qual es modifiquen determinats reials decrets pels quals s'estableixen t\u00edtols de formaci\u00f3 professional de grau mitj\u00e0 i es fixen els seus ensenyaments m\u00ednims (BOE n\u00fam. 129, de 28.5.2024)<\/li>\n\n\n\n<li><a href=\"https:\/\/www.boe.es\/eli\/es\/rd\/2007\/12\/14\/1691\" target=\"_blank\" rel=\"noreferrer noopener\">Reial decret 1691\/2007, de 14 de desembre<\/a>, pel qual s'estableix el t\u00edtol de t\u00e8cnic en Sistemes Microinform\u00e0tics i Xarxes i se'n fixen els ensenyaments m\u00ednims (BOE n\u00fam. 15, de 17.1.2007)<\/li>\n<\/ul>\n<\/details>\n\n\n\n<details class=\"wp-block-details\"><summary><mark style=\"background-color:rgba(0, 0, 0, 0)\" class=\"has-inline-color has-header-gradient-color is-layout-flow wp-block-details-is-layout-flow\">2. Guies informatives<\/mark><\/summary>\n<ul class=\"wp-block-list\">\n<li><a href=\"http:\/\/www.gencat.cat\/ensenyament\/eac\/pdf\/CFP_CGGM_CA.pdf\" target=\"_blank\" rel=\"noreferrer noopener\">Formaci\u00f3 professional. Grau mitj\u00e0: Guia informativa<\/a><\/li>\n<\/ul>\n<\/details>\n\n\n\n<details class=\"wp-block-details\"><summary><mark style=\"background-color:rgba(0, 0, 0, 0)\" class=\"has-inline-color has-header-gradient-color is-layout-flow wp-block-details-is-layout-flow\">3. Estudis de la mateixa fam\u00edlia<\/mark><\/summary>\n<ul class=\"wp-block-list\">\n<li><a href=\"https:\/\/triaeducativa.gencat.cat\/ca\/estudis\/?informatica-oficina&amp;p_id=4950\">Inform\u00e0tica d'Oficina<\/a><\/li>\n\n\n\n<li><a href=\"https:\/\/triaeducativa.gencat.cat\/ca\/estudis\/?ciberseguretat-entorns-tecnologies-informacio&amp;p_id=7050\">Ciberseguretat en Entorns de Tecnologies de la Informaci\u00f3<\/a><\/li>\n\n\n\n<li><a href=\"https:\/\/triaeducativa.gencat.cat\/ca\/estudis\/?desenvolupament-aplicacions-llenguatge-python&amp;p_id=7550\">Desenvolupament d'Aplicacions en Llenguatge Python<\/a><\/li>\n\n\n\n<li><a href=\"https:\/\/triaeducativa.gencat.cat\/ca\/estudis\/?desenvolupament-videojocs-realitat-virtual&amp;p_id=7011\">Desenvolupament de Videojocs i Realitat Virtual<\/a><\/li>\n\n\n\n<li><a href=\"https:\/\/triaeducativa.gencat.cat\/ca\/estudis\/?intelligencia-artificial-big-data&amp;p_id=7051\">Intel\u00b7lig\u00e8ncia Artificial i Big Data<\/a><\/li>\n\n\n\n<li><a href=\"https:\/\/triaeducativa.gencat.cat\/ca\/estudis\/?administracio-sistemes-informatics-xarxa&amp;p_id=217\">Administraci\u00f3 de Sistemes Inform\u00e0tics en Xarxa<\/a><\/li>\n\n\n\n<li><a href=\"https:\/\/triaeducativa.gencat.cat\/ca\/estudis\/?administracio-sistemes-informatics-xarxa-perfil-professional-ciberseguretat&amp;p_id=3990\">Administraci\u00f3 de Sistemes Inform\u00e0tics en Xarxa, perfil professional Ciberseguretat<\/a><\/li>\n\n\n\n<li><a href=\"https:\/\/triaeducativa.gencat.cat\/ca\/estudis\/?desenvolupament-aplicacions-multiplataforma&amp;p_id=219\">Desenvolupament d'Aplicacions Multiplataforma<\/a><\/li>\n\n\n\n<li><a href=\"https:\/\/triaeducativa.gencat.cat\/ca\/estudis\/?desenvolupament-aplicacions-multiplataforma-perfil-professional-informatica-aplicada-logistica&amp;p_id=2990\">Desenvolupament d'Aplicacions Multiplataforma, perfil professional Inform\u00e0tica Aplicada a la Log\u00edstica<\/a><\/li>\n\n\n\n<li><a href=\"https:\/\/triaeducativa.gencat.cat\/ca\/estudis\/?desenvolupament-aplicacions-multiplataforma-perfil-professional-videojocs-oci-digital&amp;p_id=3010\">Desenvolupament d'Aplicacions Multiplataforma, perfil professional Videojocs i Oci Digital<\/a><\/li>\n\n\n\n<li><a href=\"https:\/\/triaeducativa.gencat.cat\/ca\/estudis\/?desenvolupament-aplicacions-web&amp;p_id=770\">Desenvolupament d'Aplicacions Web<\/a><\/li>\n\n\n\n<li><a href=\"https:\/\/triaeducativa.gencat.cat\/ca\/estudis\/?desenvolupament-aplicacions-web-perfil-professional-bioinformatica&amp;p_id=3030\">Desenvolupament d'Aplicacions Web, perfil professional Bioinform\u00e0tica<\/a><\/li>\n<\/ul>\n<\/details>\n\n\n\n<details class=\"wp-block-details\"><summary><mark style=\"background-color:rgba(0, 0, 0, 0)\" class=\"has-inline-color has-header-gradient-color is-layout-flow wp-block-details-is-layout-flow\">4. Enlla\u00e7os relacionats<\/mark><\/summary>\n<ul class=\"wp-block-list\">\n<li><a href=\"https:\/\/triaeducativa.gencat.cat\/ca\/proves\/proves-acces\/fp\/fp-gm\/\" target=\"_blank\" rel=\"noreferrer noopener\">Prova d'acc\u00e9s al grau mitj\u00e0 de formaci\u00f3 professional<\/a><\/li>\n\n\n\n<li><a href=\"https:\/\/triaeducativa.gencat.cat\/ca\/cursos-acces-cicles\/curs-preparatori-acces-cicles-gm\/\">Curs de Formaci\u00f3 Preparatori per a l'Acc\u00e9s a Cicles de Grau Mitj\u00e0<\/a><\/li>\n\n\n\n<li><a href=\"https:\/\/preinscripcio.gencat.cat\/ca\/estudis\/fp-grau-mitja\/inici\/\" target=\"_blank\" rel=\"noreferrer noopener\">Preinscripci\u00f3<\/a><\/li>\n\n\n\n<li><a href=\"https:\/\/triaeducativa.gencat.cat\/ca\/fp\/equivalencies-convalidacions\/\">Convalidacions, equival\u00e8ncies i acreditacions<\/a><\/li>\n\n\n\n<li><a href=\"http:\/\/triaeducativa.gencat.cat\/ca\/homologacio\/\">Homologaci\u00f3 i convalidaci\u00f3 d'estudis estrangers<\/a><\/li>\n<\/ul>\n<\/details>\n<\/div><\/div>\n\n\n<div class=\"wpforms-container wpforms-container-full wpforms-block wpforms-block-2fb9992d-fb8e-4e7c-97f6-1444958d4c47\" id=\"wpforms-764\"><form id=\"wpforms-form-764\" class=\"wpforms-validate wpforms-form\" data-formid=\"764\" method=\"post\" enctype=\"multipart\/form-data\" action=\"\/index.php?rest_route=%2Fwp%2Fv2%2Fpages%2F1607\" data-token=\"0bed34a744a676e1df5823f5038439b0\" data-token-time=\"1778168427\"><noscript class=\"wpforms-error-noscript\">Activeu el JavaScript al navegador per a poder completar el formulari.<\/noscript><div class=\"wpforms-field-container\"><div id=\"wpforms-764-field_0-container\" class=\"wpforms-field wpforms-field-name wpforms-one-half wpforms-first\" data-field-id=\"0\"><label class=\"wpforms-field-label wpforms-label-hide\" for=\"wpforms-764-field_0\">Name <span class=\"wpforms-required-label\">*<\/span><\/label><input type=\"text\" id=\"wpforms-764-field_0\" class=\"wpforms-field-large wpforms-field-required\" name=\"wpforms[fields][0]\" placeholder=\"Your Name\" required><\/div><div id=\"wpforms-764-field_3-container\" class=\"wpforms-field wpforms-field-email wpforms-one-half\" data-field-id=\"3\"><label class=\"wpforms-field-label wpforms-label-hide\" for=\"wpforms-764-field_3\">Email <span class=\"wpforms-required-label\">*<\/span><\/label><input type=\"email\" id=\"wpforms-764-field_3\" class=\"wpforms-field-large wpforms-field-required\" name=\"wpforms[fields][3]\" placeholder=\"Your Email\" spellcheck=\"false\" required><\/div><div id=\"wpforms-764-field_4-container\" class=\"wpforms-field wpforms-field-text\" data-field-id=\"4\"><label class=\"wpforms-field-label wpforms-label-hide\" for=\"wpforms-764-field_4\">Subject<\/label><input type=\"text\" id=\"wpforms-764-field_4\" class=\"wpforms-field-large\" name=\"wpforms[fields][4]\" placeholder=\"Subject\" ><\/div><div id=\"wpforms-764-field_2-container\" class=\"wpforms-field wpforms-field-textarea\" data-field-id=\"2\"><label class=\"wpforms-field-label wpforms-label-hide\" for=\"wpforms-764-field_2\">Message <span class=\"wpforms-required-label\">*<\/span><\/label><textarea id=\"wpforms-764-field_2\" class=\"wpforms-field-medium wpforms-field-required\" name=\"wpforms[fields][2]\" placeholder=\"Your Message\" required><\/textarea><\/div><\/div><!-- .wpforms-field-container --><div class=\"wpforms-submit-container\" ><input type=\"hidden\" name=\"wpforms[id]\" value=\"764\"><input type=\"hidden\" name=\"page_title\" value=\"\"><input type=\"hidden\" name=\"page_url\" value=\"https:\/\/ahassan.inscastellbisbal.net\/index.php?rest_route=\/wp\/v2\/pages\/1607\"><input type=\"hidden\" name=\"url_referer\" value=\"\"><button type=\"submit\" name=\"wpforms[submit]\" id=\"wpforms-submit-764\" class=\"wpforms-submit\" data-alt-text=\"Sending...\" data-submit-text=\"Send message\" aria-live=\"assertive\" value=\"wpforms-submit\">Send message<\/button><\/div><\/form><\/div>  <!-- .wpforms-container -->","protected":false},"excerpt":{"rendered":"<p>SMX-1r Sistemes microinform\u00e0tics i xarxes: El cicle formatiu de grau mitj\u00e0 en Sistemes Microinform\u00e0tics i Xarxes (SMX) \u00e9s una formaci\u00f3 de 2.000 hores (dos cursos) que capacita per instal\u00b7lar, configurar i mantenir equips inform\u00e0tics, xarxes locals i sistemes operatius. Prepara per a rols com a t\u00e8cnic de suport, reparador d&#8217;equips [&hellip;]<\/p>\n","protected":false},"author":1,"featured_media":0,"parent":0,"menu_order":0,"comment_status":"closed","ping_status":"closed","template":"","meta":{"footnotes":""},"class_list":["post-1607","page","type-page","status-publish","hentry"],"_links":{"self":[{"href":"https:\/\/ahassan.inscastellbisbal.net\/index.php?rest_route=\/wp\/v2\/pages\/1607","targetHints":{"allow":["GET"]}}],"collection":[{"href":"https:\/\/ahassan.inscastellbisbal.net\/index.php?rest_route=\/wp\/v2\/pages"}],"about":[{"href":"https:\/\/ahassan.inscastellbisbal.net\/index.php?rest_route=\/wp\/v2\/types\/page"}],"author":[{"embeddable":true,"href":"https:\/\/ahassan.inscastellbisbal.net\/index.php?rest_route=\/wp\/v2\/users\/1"}],"replies":[{"embeddable":true,"href":"https:\/\/ahassan.inscastellbisbal.net\/index.php?rest_route=%2Fwp%2Fv2%2Fcomments&post=1607"}],"version-history":[{"count":54,"href":"https:\/\/ahassan.inscastellbisbal.net\/index.php?rest_route=\/wp\/v2\/pages\/1607\/revisions"}],"predecessor-version":[{"id":2823,"href":"https:\/\/ahassan.inscastellbisbal.net\/index.php?rest_route=\/wp\/v2\/pages\/1607\/revisions\/2823"}],"wp:attachment":[{"href":"https:\/\/ahassan.inscastellbisbal.net\/index.php?rest_route=%2Fwp%2Fv2%2Fmedia&parent=1607"}],"curies":[{"name":"wp","href":"https:\/\/api.w.org\/{rel}","templated":true}]}}