{"id":1878,"date":"2026-03-21T19:18:50","date_gmt":"2026-03-21T18:18:50","guid":{"rendered":"https:\/\/ahassan.inscastellbisbal.net\/?page_id=1878"},"modified":"2026-03-21T19:19:05","modified_gmt":"2026-03-21T18:19:05","slug":"creacio-denllacos-entre-pagines-que-tinguin-relacio-dins-del-lloc-web","status":"publish","type":"page","link":"https:\/\/ahassan.inscastellbisbal.net\/?page_id=1878","title":{"rendered":"Creaci\u00f3 d\u2019enlla\u00e7os entre p\u00e0gines que tinguin relaci\u00f3 dins del lloc web"},"content":{"rendered":"\n<h2 class=\"wp-block-heading\">Proc\u00e9s:<\/h2>\n\n\n\n<blockquote class=\"wp-block-quote is-layout-flow wp-block-quote-is-layout-flow\">\n<p>Per <strong>posar <\/strong>els <strong>enlla\u00e7os <\/strong>entre les <strong>p\u00e0gines<\/strong>, he fet <strong>clic <\/strong>en el <strong>bot\u00f3 Plus <\/strong>el que <strong>surt <\/strong>a la <strong>p\u00e0gina<\/strong>:<\/p>\n\n\n\n<figure class=\"wp-block-image size-large is-resized\"><img loading=\"lazy\" decoding=\"async\" width=\"1024\" height=\"584\" src=\"https:\/\/ahassan.inscastellbisbal.net\/wp-content\/uploads\/2026\/03\/FireShot-Capture-025-Afegeix-una-pagina-\u2039-Ali-Hassan-smx-\u2014-WordPress_-ahassan.inscastellbisbal.net_-1024x584.png\" alt=\"\" class=\"wp-image-1881\" style=\"aspect-ratio:1.7534454244762956;width:404px;height:auto\" srcset=\"https:\/\/ahassan.inscastellbisbal.net\/wp-content\/uploads\/2026\/03\/FireShot-Capture-025-Afegeix-una-pagina-\u2039-Ali-Hassan-smx-\u2014-WordPress_-ahassan.inscastellbisbal.net_-1024x584.png 1024w, https:\/\/ahassan.inscastellbisbal.net\/wp-content\/uploads\/2026\/03\/FireShot-Capture-025-Afegeix-una-pagina-\u2039-Ali-Hassan-smx-\u2014-WordPress_-ahassan.inscastellbisbal.net_-300x171.png 300w, https:\/\/ahassan.inscastellbisbal.net\/wp-content\/uploads\/2026\/03\/FireShot-Capture-025-Afegeix-una-pagina-\u2039-Ali-Hassan-smx-\u2014-WordPress_-ahassan.inscastellbisbal.net_-768x438.png 768w, https:\/\/ahassan.inscastellbisbal.net\/wp-content\/uploads\/2026\/03\/FireShot-Capture-025-Afegeix-una-pagina-\u2039-Ali-Hassan-smx-\u2014-WordPress_-ahassan.inscastellbisbal.net_-1536x876.png 1536w, https:\/\/ahassan.inscastellbisbal.net\/wp-content\/uploads\/2026\/03\/FireShot-Capture-025-Afegeix-una-pagina-\u2039-Ali-Hassan-smx-\u2014-WordPress_-ahassan.inscastellbisbal.net_.png 1700w\" sizes=\"auto, (max-width: 1024px) 100vw, 1024px\" \/><\/figure>\n\n\n\n<p>Despr\u00e9s <strong>busquem l&#8217;eina<\/strong>, <strong>bot\u00f3<\/strong>:<\/p>\n\n\n\n<figure class=\"wp-block-image size-full\"><img loading=\"lazy\" decoding=\"async\" width=\"438\" height=\"328\" src=\"https:\/\/ahassan.inscastellbisbal.net\/wp-content\/uploads\/2026\/03\/FireShot-Capture-026-Afegeix-una-pagina-\u2039-Ali-Hassan-smx-\u2014-WordPress_-ahassan.inscastellbisbal.net_.png\" alt=\"\" class=\"wp-image-1882\" srcset=\"https:\/\/ahassan.inscastellbisbal.net\/wp-content\/uploads\/2026\/03\/FireShot-Capture-026-Afegeix-una-pagina-\u2039-Ali-Hassan-smx-\u2014-WordPress_-ahassan.inscastellbisbal.net_.png 438w, https:\/\/ahassan.inscastellbisbal.net\/wp-content\/uploads\/2026\/03\/FireShot-Capture-026-Afegeix-una-pagina-\u2039-Ali-Hassan-smx-\u2014-WordPress_-ahassan.inscastellbisbal.net_-300x225.png 300w\" sizes=\"auto, (max-width: 438px) 100vw, 438px\" \/><\/figure>\n\n\n\n<p>despr\u00e9s de posar el <strong>bot\u00f3<\/strong>:<\/p>\n\n\n\n<figure class=\"wp-block-image size-full is-resized\"><img loading=\"lazy\" decoding=\"async\" width=\"852\" height=\"365\" src=\"https:\/\/ahassan.inscastellbisbal.net\/wp-content\/uploads\/2026\/03\/FireShot-Capture-027-Afegeix-una-pagina-\u2039-Ali-Hassan-smx-\u2014-WordPress_-ahassan.inscastellbisbal.net_.png\" alt=\"\" class=\"wp-image-1883\" style=\"aspect-ratio:2.3342812586001283;width:439px;height:auto\" srcset=\"https:\/\/ahassan.inscastellbisbal.net\/wp-content\/uploads\/2026\/03\/FireShot-Capture-027-Afegeix-una-pagina-\u2039-Ali-Hassan-smx-\u2014-WordPress_-ahassan.inscastellbisbal.net_.png 852w, https:\/\/ahassan.inscastellbisbal.net\/wp-content\/uploads\/2026\/03\/FireShot-Capture-027-Afegeix-una-pagina-\u2039-Ali-Hassan-smx-\u2014-WordPress_-ahassan.inscastellbisbal.net_-300x129.png 300w, https:\/\/ahassan.inscastellbisbal.net\/wp-content\/uploads\/2026\/03\/FireShot-Capture-027-Afegeix-una-pagina-\u2039-Ali-Hassan-smx-\u2014-WordPress_-ahassan.inscastellbisbal.net_-768x329.png 768w\" sizes=\"auto, (max-width: 852px) 100vw, 852px\" \/><\/figure>\n\n\n\n<p>Posem <strong>nom <\/strong>de la <strong>tasca <\/strong>que volem <strong>posar<\/strong>:<\/p>\n\n\n\n<figure class=\"wp-block-image size-full is-resized\"><img loading=\"lazy\" decoding=\"async\" width=\"467\" height=\"528\" src=\"https:\/\/ahassan.inscastellbisbal.net\/wp-content\/uploads\/2026\/03\/FireShot-Capture-028-Afegeix-una-pagina-\u2039-Ali-Hassan-smx-\u2014-WordPress_-ahassan.inscastellbisbal.net_.png\" alt=\"\" class=\"wp-image-1884\" style=\"width:312px;height:auto\" srcset=\"https:\/\/ahassan.inscastellbisbal.net\/wp-content\/uploads\/2026\/03\/FireShot-Capture-028-Afegeix-una-pagina-\u2039-Ali-Hassan-smx-\u2014-WordPress_-ahassan.inscastellbisbal.net_.png 467w, https:\/\/ahassan.inscastellbisbal.net\/wp-content\/uploads\/2026\/03\/FireShot-Capture-028-Afegeix-una-pagina-\u2039-Ali-Hassan-smx-\u2014-WordPress_-ahassan.inscastellbisbal.net_-265x300.png 265w\" sizes=\"auto, (max-width: 467px) 100vw, 467px\" \/><\/figure>\n\n\n\n<p>despr\u00e9s donem a el <strong>bot\u00f3 Ctrl+k<\/strong> i <strong>apareixer\u00e0 l&#8217;enlla\u00e7 <\/strong>de la <strong>tasca<\/strong>: el posem i ja <strong>est\u00e0 <\/strong><\/p>\n\n\n\n<figure class=\"wp-block-image size-full\"><img loading=\"lazy\" decoding=\"async\" width=\"477\" height=\"206\" src=\"https:\/\/ahassan.inscastellbisbal.net\/wp-content\/uploads\/2026\/03\/FireShot-Capture-029-Afegeix-una-pagina-\u2039-Ali-Hassan-smx-\u2014-WordPress_-ahassan.inscastellbisbal.net_.png\" alt=\"\" class=\"wp-image-1885\" srcset=\"https:\/\/ahassan.inscastellbisbal.net\/wp-content\/uploads\/2026\/03\/FireShot-Capture-029-Afegeix-una-pagina-\u2039-Ali-Hassan-smx-\u2014-WordPress_-ahassan.inscastellbisbal.net_.png 477w, https:\/\/ahassan.inscastellbisbal.net\/wp-content\/uploads\/2026\/03\/FireShot-Capture-029-Afegeix-una-pagina-\u2039-Ali-Hassan-smx-\u2014-WordPress_-ahassan.inscastellbisbal.net_-300x130.png 300w\" sizes=\"auto, (max-width: 477px) 100vw, 477px\" \/><\/figure>\n\n\n\n<p>Tenim posat les <strong>tascas <\/strong>que volem posar:<\/p>\n<\/blockquote>\n\n\n\n<p>Aqu\u00ed estan les <strong>mevas tascas <\/strong>posades:<\/p>\n\n\n\n<figure class=\"wp-block-image size-large is-resized\"><img loading=\"lazy\" decoding=\"async\" width=\"1015\" height=\"1024\" src=\"https:\/\/ahassan.inscastellbisbal.net\/wp-content\/uploads\/2026\/03\/image-19-1015x1024.png\" alt=\"\" class=\"wp-image-1886\" style=\"aspect-ratio:0.9912235415591121;width:548px;height:auto\" srcset=\"https:\/\/ahassan.inscastellbisbal.net\/wp-content\/uploads\/2026\/03\/image-19-1015x1024.png 1015w, https:\/\/ahassan.inscastellbisbal.net\/wp-content\/uploads\/2026\/03\/image-19-297x300.png 297w, https:\/\/ahassan.inscastellbisbal.net\/wp-content\/uploads\/2026\/03\/image-19-150x150.png 150w, https:\/\/ahassan.inscastellbisbal.net\/wp-content\/uploads\/2026\/03\/image-19-768x775.png 768w, https:\/\/ahassan.inscastellbisbal.net\/wp-content\/uploads\/2026\/03\/image-19.png 1297w\" sizes=\"auto, (max-width: 1015px) 100vw, 1015px\" \/><\/figure>\n\n\n<div class=\"wpforms-container wpforms-container-full wpforms-block wpforms-block-18c97522-ecfd-45b4-aac0-c966cf47ff6e\" id=\"wpforms-764\"><form id=\"wpforms-form-764\" class=\"wpforms-validate wpforms-form\" data-formid=\"764\" method=\"post\" enctype=\"multipart\/form-data\" action=\"\/index.php?rest_route=%2Fwp%2Fv2%2Fpages%2F1878\" data-token=\"0bed34a744a676e1df5823f5038439b0\" data-token-time=\"1778161469\"><noscript class=\"wpforms-error-noscript\">Activeu el JavaScript al navegador per a poder completar el formulari.<\/noscript><div class=\"wpforms-field-container\"><div id=\"wpforms-764-field_0-container\" class=\"wpforms-field wpforms-field-name wpforms-one-half wpforms-first\" data-field-id=\"0\"><label class=\"wpforms-field-label wpforms-label-hide\" for=\"wpforms-764-field_0\">Name <span class=\"wpforms-required-label\">*<\/span><\/label><input type=\"text\" id=\"wpforms-764-field_0\" class=\"wpforms-field-large wpforms-field-required\" name=\"wpforms[fields][0]\" placeholder=\"Your Name\" required><\/div><div id=\"wpforms-764-field_3-container\" class=\"wpforms-field wpforms-field-email wpforms-one-half\" data-field-id=\"3\"><label class=\"wpforms-field-label wpforms-label-hide\" for=\"wpforms-764-field_3\">Email <span class=\"wpforms-required-label\">*<\/span><\/label><input type=\"email\" id=\"wpforms-764-field_3\" class=\"wpforms-field-large wpforms-field-required\" name=\"wpforms[fields][3]\" placeholder=\"Your Email\" spellcheck=\"false\" required><\/div><div id=\"wpforms-764-field_4-container\" class=\"wpforms-field wpforms-field-text\" data-field-id=\"4\"><label class=\"wpforms-field-label wpforms-label-hide\" for=\"wpforms-764-field_4\">Subject<\/label><input type=\"text\" id=\"wpforms-764-field_4\" class=\"wpforms-field-large\" name=\"wpforms[fields][4]\" placeholder=\"Subject\" ><\/div><div id=\"wpforms-764-field_2-container\" class=\"wpforms-field wpforms-field-textarea\" data-field-id=\"2\"><label class=\"wpforms-field-label wpforms-label-hide\" for=\"wpforms-764-field_2\">Message <span class=\"wpforms-required-label\">*<\/span><\/label><textarea id=\"wpforms-764-field_2\" class=\"wpforms-field-medium wpforms-field-required\" name=\"wpforms[fields][2]\" placeholder=\"Your Message\" required><\/textarea><\/div><\/div><!-- .wpforms-field-container --><div class=\"wpforms-submit-container\" ><input type=\"hidden\" name=\"wpforms[id]\" value=\"764\"><input type=\"hidden\" name=\"page_title\" value=\"\"><input type=\"hidden\" name=\"page_url\" value=\"https:\/\/ahassan.inscastellbisbal.net\/index.php?rest_route=\/wp\/v2\/pages\/1878\"><input type=\"hidden\" name=\"url_referer\" value=\"\"><button type=\"submit\" name=\"wpforms[submit]\" id=\"wpforms-submit-764\" class=\"wpforms-submit\" data-alt-text=\"Sending...\" data-submit-text=\"Send message\" aria-live=\"assertive\" value=\"wpforms-submit\">Send message<\/button><\/div><\/form><\/div>  <!-- .wpforms-container -->","protected":false},"excerpt":{"rendered":"<p>Proc\u00e9s: Aqu\u00ed estan les mevas tascas posades:<\/p>\n","protected":false},"author":1,"featured_media":0,"parent":1828,"menu_order":0,"comment_status":"closed","ping_status":"closed","template":"","meta":{"footnotes":""},"class_list":["post-1878","page","type-page","status-publish","hentry"],"_links":{"self":[{"href":"https:\/\/ahassan.inscastellbisbal.net\/index.php?rest_route=\/wp\/v2\/pages\/1878","targetHints":{"allow":["GET"]}}],"collection":[{"href":"https:\/\/ahassan.inscastellbisbal.net\/index.php?rest_route=\/wp\/v2\/pages"}],"about":[{"href":"https:\/\/ahassan.inscastellbisbal.net\/index.php?rest_route=\/wp\/v2\/types\/page"}],"author":[{"embeddable":true,"href":"https:\/\/ahassan.inscastellbisbal.net\/index.php?rest_route=\/wp\/v2\/users\/1"}],"replies":[{"embeddable":true,"href":"https:\/\/ahassan.inscastellbisbal.net\/index.php?rest_route=%2Fwp%2Fv2%2Fcomments&post=1878"}],"version-history":[{"count":1,"href":"https:\/\/ahassan.inscastellbisbal.net\/index.php?rest_route=\/wp\/v2\/pages\/1878\/revisions"}],"predecessor-version":[{"id":1887,"href":"https:\/\/ahassan.inscastellbisbal.net\/index.php?rest_route=\/wp\/v2\/pages\/1878\/revisions\/1887"}],"up":[{"embeddable":true,"href":"https:\/\/ahassan.inscastellbisbal.net\/index.php?rest_route=\/wp\/v2\/pages\/1828"}],"wp:attachment":[{"href":"https:\/\/ahassan.inscastellbisbal.net\/index.php?rest_route=%2Fwp%2Fv2%2Fmedia&parent=1878"}],"curies":[{"name":"wp","href":"https:\/\/api.w.org\/{rel}","templated":true}]}}