{"id":221,"date":"2025-09-24T12:02:30","date_gmt":"2025-09-24T10:02:30","guid":{"rendered":"https:\/\/ahassan.inscastellbisbal.net\/?page_id=221"},"modified":"2025-09-25T10:53:44","modified_gmt":"2025-09-25T08:53:44","slug":"utilitzacio-dun-gestor-de-bookmarks-integrat-al-navegador","status":"publish","type":"page","link":"https:\/\/ahassan.inscastellbisbal.net\/?page_id=221","title":{"rendered":"Utilitzaci\u00f3 d\u2019un gestor de bookmarks integrat al navegador"},"content":{"rendered":"\n<p><strong>Utilitzaci\u00f3 d\u2019un gestor de bookmarks integrat al navegador<\/strong><\/p>\n\n\n\n<p>Un gestor de bookmarks \u00e9s una eina que permet guardar, organitzar i gestionar les p\u00e0gines web que t\u2019interessen perqu\u00e8 puguis accedir-hi f\u00e0cilment m\u00e9s endavant. Els navegadors moderns, com Google Chrome, Mozilla Firefox, Microsoft Edge o Safari, tenen un gestor de bookmarks integrat que facilita aquesta tasca sense necessitat d\u2019instal\u00b7lar extensions addicionals.<\/p>\n\n\n\n<h3 class=\"wp-block-heading\">Com funciona?<\/h3>\n\n\n\n<ol class=\"wp-block-list\">\n<li><strong>Guardar un bookmark:<\/strong><br>Quan est\u00e0s visitant una p\u00e0gina web que vols desar, nom\u00e9s cal que facis clic a la icona de l\u2019estrella que apareix a la barra d\u2019adreces. Aix\u00f2 afegir\u00e0 la p\u00e0gina als teus bookmarks.<\/li>\n<\/ol>\n\n\n\n<figure class=\"wp-block-image size-large\"><img loading=\"lazy\" decoding=\"async\" width=\"1024\" height=\"576\" src=\"https:\/\/ahassan.inscastellbisbal.net\/wp-content\/uploads\/2025\/09\/Screenshot-at-2025-09-25-10-52-44-1024x576.png\" alt=\"\" class=\"wp-image-301\" srcset=\"https:\/\/ahassan.inscastellbisbal.net\/wp-content\/uploads\/2025\/09\/Screenshot-at-2025-09-25-10-52-44-1024x576.png 1024w, https:\/\/ahassan.inscastellbisbal.net\/wp-content\/uploads\/2025\/09\/Screenshot-at-2025-09-25-10-52-44-300x169.png 300w, https:\/\/ahassan.inscastellbisbal.net\/wp-content\/uploads\/2025\/09\/Screenshot-at-2025-09-25-10-52-44-768x432.png 768w, https:\/\/ahassan.inscastellbisbal.net\/wp-content\/uploads\/2025\/09\/Screenshot-at-2025-09-25-10-52-44-1536x864.png 1536w, https:\/\/ahassan.inscastellbisbal.net\/wp-content\/uploads\/2025\/09\/Screenshot-at-2025-09-25-10-52-44.png 1920w\" sizes=\"auto, (max-width: 1024px) 100vw, 1024px\" \/><\/figure>\n\n\n\n<ol class=\"wp-block-list\">\n<li><strong>Organitzar els bookmarks:<\/strong><br>Pots crear carpetes per classificar els teus bookmarks per tem\u00e0tiques, com \u201cTreball\u201d, \u201cEstudis\u201d o \u201cOci\u201d. Aix\u00ed \u00e9s m\u00e9s f\u00e0cil trobar-los despr\u00e9s.<\/li>\n\n\n\n<li><strong>Accedir r\u00e0pidament:<\/strong><br>Els bookmarks apareixen sovint en una barra visible sota la barra d\u2019adreces o en un men\u00fa desplegable. Aix\u00f2 permet obrir les p\u00e0gines guardades amb un sol clic.<\/li>\n<\/ol>\n\n\n\n<figure class=\"wp-block-image size-large\"><img loading=\"lazy\" decoding=\"async\" width=\"1024\" height=\"576\" src=\"https:\/\/ahassan.inscastellbisbal.net\/wp-content\/uploads\/2025\/09\/Screenshot-at-2025-09-25-10-52-44-1-1024x576.png\" alt=\"\" class=\"wp-image-302\" srcset=\"https:\/\/ahassan.inscastellbisbal.net\/wp-content\/uploads\/2025\/09\/Screenshot-at-2025-09-25-10-52-44-1-1024x576.png 1024w, https:\/\/ahassan.inscastellbisbal.net\/wp-content\/uploads\/2025\/09\/Screenshot-at-2025-09-25-10-52-44-1-300x169.png 300w, https:\/\/ahassan.inscastellbisbal.net\/wp-content\/uploads\/2025\/09\/Screenshot-at-2025-09-25-10-52-44-1-768x432.png 768w, https:\/\/ahassan.inscastellbisbal.net\/wp-content\/uploads\/2025\/09\/Screenshot-at-2025-09-25-10-52-44-1-1536x864.png 1536w, https:\/\/ahassan.inscastellbisbal.net\/wp-content\/uploads\/2025\/09\/Screenshot-at-2025-09-25-10-52-44-1.png 1920w\" sizes=\"auto, (max-width: 1024px) 100vw, 1024px\" \/><\/figure>\n\n\n\n<ol class=\"wp-block-list\">\n<li><strong>Sincronitzaci\u00f3:<\/strong><br>Si utilitzes un compte (com el de Google en Chrome o el de Firefox), els teus bookmarks es poden sincronitzar entre diferents dispositius, aix\u00ed els tens sempre disponibles.<\/li>\n\n\n\n<li><strong>Edici\u00f3 i eliminaci\u00f3:<\/strong><br>Des del gestor de bookmarks pots editar el nom, la URL o eliminar aquells que ja no necessites.<\/li>\n<\/ol>\n\n\n\n<p>x<\/p>\n","protected":false},"excerpt":{"rendered":"<p>Utilitzaci\u00f3 d\u2019un gestor de bookmarks integrat al navegador Un gestor de bookmarks \u00e9s una eina que permet guardar, organitzar i gestionar les p\u00e0gines web que t\u2019interessen perqu\u00e8 puguis accedir-hi f\u00e0cilment m\u00e9s endavant. Els navegadors moderns, com Google Chrome, Mozilla Firefox, Microsoft Edge o Safari, tenen un gestor de bookmarks integrat [&hellip;]<\/p>\n","protected":false},"author":1,"featured_media":0,"parent":81,"menu_order":0,"comment_status":"closed","ping_status":"closed","template":"","meta":{"footnotes":""},"class_list":["post-221","page","type-page","status-publish","hentry"],"_links":{"self":[{"href":"https:\/\/ahassan.inscastellbisbal.net\/index.php?rest_route=\/wp\/v2\/pages\/221","targetHints":{"allow":["GET"]}}],"collection":[{"href":"https:\/\/ahassan.inscastellbisbal.net\/index.php?rest_route=\/wp\/v2\/pages"}],"about":[{"href":"https:\/\/ahassan.inscastellbisbal.net\/index.php?rest_route=\/wp\/v2\/types\/page"}],"author":[{"embeddable":true,"href":"https:\/\/ahassan.inscastellbisbal.net\/index.php?rest_route=\/wp\/v2\/users\/1"}],"replies":[{"embeddable":true,"href":"https:\/\/ahassan.inscastellbisbal.net\/index.php?rest_route=%2Fwp%2Fv2%2Fcomments&post=221"}],"version-history":[{"count":4,"href":"https:\/\/ahassan.inscastellbisbal.net\/index.php?rest_route=\/wp\/v2\/pages\/221\/revisions"}],"predecessor-version":[{"id":303,"href":"https:\/\/ahassan.inscastellbisbal.net\/index.php?rest_route=\/wp\/v2\/pages\/221\/revisions\/303"}],"up":[{"embeddable":true,"href":"https:\/\/ahassan.inscastellbisbal.net\/index.php?rest_route=\/wp\/v2\/pages\/81"}],"wp:attachment":[{"href":"https:\/\/ahassan.inscastellbisbal.net\/index.php?rest_route=%2Fwp%2Fv2%2Fmedia&parent=221"}],"curies":[{"name":"wp","href":"https:\/\/api.w.org\/{rel}","templated":true}]}}