{"id":2443,"date":"2026-04-15T11:55:23","date_gmt":"2026-04-15T09:55:23","guid":{"rendered":"https:\/\/ahassan.inscastellbisbal.net\/?page_id=2443"},"modified":"2026-04-16T08:51:36","modified_gmt":"2026-04-16T06:51:36","slug":"automatitzar-configuracions-basiques-amb-scripts","status":"publish","type":"page","link":"https:\/\/ahassan.inscastellbisbal.net\/?page_id=2443","title":{"rendered":"Automatitzar configuracions b\u00e0siques amb scripts"},"content":{"rendered":"\n<h2 class=\"wp-block-heading\">Windows:<\/h2>\n\n\n\n<blockquote class=\"wp-block-quote is-layout-flow wp-block-quote-is-layout-flow\">\n<p>Script: <\/p>\n\n\n\n<pre class=\"wp-block-code\"><code>1:#Fixar el pla d'energia a Alt Rendiment\n\npowercfg \/setactive 8c5e7fda-e8bf-4a96-9a85-a6e23a8c635c\n\n#Desactivar la hibernaci\u00f3 per estalviar espai en disc (SSD friendly)\n\npowercfg -h off<\/code><\/pre>\n\n\n\n<figure class=\"wp-block-image size-full\"><img loading=\"lazy\" decoding=\"async\" width=\"579\" height=\"258\" src=\"https:\/\/ahassan.inscastellbisbal.net\/wp-content\/uploads\/2026\/04\/Anotacion-2026-04-15-1135431.png\" alt=\"\" class=\"wp-image-2446\" srcset=\"https:\/\/ahassan.inscastellbisbal.net\/wp-content\/uploads\/2026\/04\/Anotacion-2026-04-15-1135431.png 579w, https:\/\/ahassan.inscastellbisbal.net\/wp-content\/uploads\/2026\/04\/Anotacion-2026-04-15-1135431-300x134.png 300w\" sizes=\"auto, (max-width: 579px) 100vw, 579px\" \/><\/figure>\n\n\n\n<figure class=\"wp-block-image size-full\"><img loading=\"lazy\" decoding=\"async\" width=\"597\" height=\"180\" src=\"https:\/\/ahassan.inscastellbisbal.net\/wp-content\/uploads\/2026\/04\/Script2026-04-15-103848.png\" alt=\"\" class=\"wp-image-2444\" srcset=\"https:\/\/ahassan.inscastellbisbal.net\/wp-content\/uploads\/2026\/04\/Script2026-04-15-103848.png 597w, https:\/\/ahassan.inscastellbisbal.net\/wp-content\/uploads\/2026\/04\/Script2026-04-15-103848-300x90.png 300w\" sizes=\"auto, (max-width: 597px) 100vw, 597px\" \/><\/figure>\n\n\n\n<p><strong>Executar-lo:<\/strong><\/p>\n\n\n\n<pre class=\"wp-block-code\"><code>Set-ExecutionPolicy RemoteSigned -Force<\/code><\/pre>\n\n\n\n<h3 class=\"wp-block-heading\">1. Configuracions Clau:<\/h3>\n\n\n\n<ul class=\"wp-block-list\">\n<li><strong>Pla d&#8217;energia d&#8217;Alt Rendiment:<\/strong> Activar el mode &#8220;Ultimate Performance&#8221;.<\/li>\n\n\n\n<li><strong>Mode de Joc (Game Mode):<\/strong> Ha d&#8217;estar activat per optimitzar els recursos.<\/li>\n\n\n\n<li><strong>Desactivar serveis innecessaris:<\/strong> Com la telemetria o el &#8220;Print Spooler&#8221; (si no faran servir impressores).<\/li>\n<\/ul>\n\n\n\n<p>I ja est\u00e0, tenim el nostre script posat i executat.<\/p>\n<\/blockquote>\n\n\n\n<h2 class=\"wp-block-heading\">Debian:<\/h2>\n\n\n\n<blockquote class=\"wp-block-quote is-layout-flow wp-block-quote-is-layout-flow\">\n<p>Script:<\/p>\n\n\n\n<pre class=\"wp-block-code\"><code>#!\/bin\/bash\n# Aix\u00f2 \u00e9s un script d'optimitzaci\u00f3 per a Gaming\n\necho \"Actualitzant el sistema...\"\nsudo apt update &amp;&amp; sudo apt upgrade -y\n\necho \"Instal\u00b7lant drivers de v\u00eddeo i llibreries de 32 bits (per a Steam)...\"\nsudo apt install nvidia-driver-535 libgl1-mesa-dri:i386 steam gamemode -y\n\necho \"Millorant la Swappiness per a jocs...\"\necho 'vm.swappiness=10' | sudo tee -a \/etc\/sysctl.conf\nsudo sysctl -p\n\necho \"Proc\u00e9s finalitzat!\"<\/code><\/pre>\n\n\n\n<figure class=\"wp-block-image size-full\"><img loading=\"lazy\" decoding=\"async\" width=\"775\" height=\"386\" src=\"https:\/\/ahassan.inscastellbisbal.net\/wp-content\/uploads\/2026\/04\/Screenshot-From-2026-04-15-11-18-42-1.png\" alt=\"\" class=\"wp-image-2448\" srcset=\"https:\/\/ahassan.inscastellbisbal.net\/wp-content\/uploads\/2026\/04\/Screenshot-From-2026-04-15-11-18-42-1.png 775w, https:\/\/ahassan.inscastellbisbal.net\/wp-content\/uploads\/2026\/04\/Screenshot-From-2026-04-15-11-18-42-1-300x149.png 300w, https:\/\/ahassan.inscastellbisbal.net\/wp-content\/uploads\/2026\/04\/Screenshot-From-2026-04-15-11-18-42-1-768x383.png 768w\" sizes=\"auto, (max-width: 775px) 100vw, 775px\" \/><\/figure>\n\n\n\n<p><strong>Donar permisos d&#8217;execuci\u00f3<\/strong><\/p>\n\n\n\n<pre class=\"wp-block-code\"><code>chmod +x Nom-Script<\/code><\/pre>\n\n\n\n<p><strong>Executar l&#8217;Script<\/strong><\/p>\n\n\n\n<pre class=\"wp-block-code\"><code>sudo .\/Nom-Script<\/code><\/pre>\n<\/blockquote>\n\n\n<div class=\"wpforms-container wpforms-container-full wpforms-block wpforms-block-9826f0f5-723d-4235-a8cc-bea95ff4380d\" id=\"wpforms-764\"><form id=\"wpforms-form-764\" class=\"wpforms-validate wpforms-form\" data-formid=\"764\" method=\"post\" enctype=\"multipart\/form-data\" action=\"\/index.php?rest_route=%2Fwp%2Fv2%2Fpages%2F2443\" data-token=\"912d9a2779832c49e5ef69d7d1d74122\" data-token-time=\"1776341990\"><noscript class=\"wpforms-error-noscript\">Activeu el JavaScript al navegador per a poder completar el formulari.<\/noscript><div class=\"wpforms-field-container\"><div id=\"wpforms-764-field_0-container\" class=\"wpforms-field wpforms-field-name wpforms-one-half wpforms-first\" data-field-id=\"0\"><label class=\"wpforms-field-label wpforms-label-hide\" for=\"wpforms-764-field_0\">Name <span class=\"wpforms-required-label\">*<\/span><\/label><input type=\"text\" id=\"wpforms-764-field_0\" class=\"wpforms-field-large wpforms-field-required\" name=\"wpforms[fields][0]\" placeholder=\"Your Name\" required><\/div><div id=\"wpforms-764-field_3-container\" class=\"wpforms-field wpforms-field-email wpforms-one-half\" data-field-id=\"3\"><label class=\"wpforms-field-label wpforms-label-hide\" for=\"wpforms-764-field_3\">Email <span class=\"wpforms-required-label\">*<\/span><\/label><input type=\"email\" id=\"wpforms-764-field_3\" class=\"wpforms-field-large wpforms-field-required\" name=\"wpforms[fields][3]\" placeholder=\"Your Email\" spellcheck=\"false\" required><\/div><div id=\"wpforms-764-field_4-container\" class=\"wpforms-field wpforms-field-text\" data-field-id=\"4\"><label class=\"wpforms-field-label wpforms-label-hide\" for=\"wpforms-764-field_4\">Subject<\/label><input type=\"text\" id=\"wpforms-764-field_4\" class=\"wpforms-field-large\" name=\"wpforms[fields][4]\" placeholder=\"Subject\" ><\/div><div id=\"wpforms-764-field_2-container\" class=\"wpforms-field wpforms-field-textarea\" data-field-id=\"2\"><label class=\"wpforms-field-label wpforms-label-hide\" for=\"wpforms-764-field_2\">Message <span class=\"wpforms-required-label\">*<\/span><\/label><textarea id=\"wpforms-764-field_2\" class=\"wpforms-field-medium wpforms-field-required\" name=\"wpforms[fields][2]\" placeholder=\"Your Message\" required><\/textarea><\/div><\/div><!-- .wpforms-field-container --><div class=\"wpforms-submit-container\" ><input type=\"hidden\" name=\"wpforms[id]\" value=\"764\"><input type=\"hidden\" name=\"page_title\" value=\"\"><input type=\"hidden\" name=\"page_url\" value=\"https:\/\/ahassan.inscastellbisbal.net\/index.php?rest_route=\/wp\/v2\/pages\/2443\"><input type=\"hidden\" name=\"url_referer\" value=\"\"><button type=\"submit\" name=\"wpforms[submit]\" id=\"wpforms-submit-764\" class=\"wpforms-submit\" data-alt-text=\"Sending...\" data-submit-text=\"Send message\" aria-live=\"assertive\" value=\"wpforms-submit\">Send message<\/button><\/div><\/form><\/div>  <!-- .wpforms-container -->","protected":false},"excerpt":{"rendered":"<p>Windows: Debian:<\/p>\n","protected":false},"author":1,"featured_media":0,"parent":1491,"menu_order":0,"comment_status":"closed","ping_status":"closed","template":"","meta":{"footnotes":""},"class_list":["post-2443","page","type-page","status-publish","hentry"],"_links":{"self":[{"href":"https:\/\/ahassan.inscastellbisbal.net\/index.php?rest_route=\/wp\/v2\/pages\/2443","targetHints":{"allow":["GET"]}}],"collection":[{"href":"https:\/\/ahassan.inscastellbisbal.net\/index.php?rest_route=\/wp\/v2\/pages"}],"about":[{"href":"https:\/\/ahassan.inscastellbisbal.net\/index.php?rest_route=\/wp\/v2\/types\/page"}],"author":[{"embeddable":true,"href":"https:\/\/ahassan.inscastellbisbal.net\/index.php?rest_route=\/wp\/v2\/users\/1"}],"replies":[{"embeddable":true,"href":"https:\/\/ahassan.inscastellbisbal.net\/index.php?rest_route=%2Fwp%2Fv2%2Fcomments&post=2443"}],"version-history":[{"count":3,"href":"https:\/\/ahassan.inscastellbisbal.net\/index.php?rest_route=\/wp\/v2\/pages\/2443\/revisions"}],"predecessor-version":[{"id":2471,"href":"https:\/\/ahassan.inscastellbisbal.net\/index.php?rest_route=\/wp\/v2\/pages\/2443\/revisions\/2471"}],"up":[{"embeddable":true,"href":"https:\/\/ahassan.inscastellbisbal.net\/index.php?rest_route=\/wp\/v2\/pages\/1491"}],"wp:attachment":[{"href":"https:\/\/ahassan.inscastellbisbal.net\/index.php?rest_route=%2Fwp%2Fv2%2Fmedia&parent=2443"}],"curies":[{"name":"wp","href":"https:\/\/api.w.org\/{rel}","templated":true}]}}