{"id":464,"date":"2025-10-01T08:35:44","date_gmt":"2025-10-01T06:35:44","guid":{"rendered":"https:\/\/ahassan.inscastellbisbal.net\/?page_id=464"},"modified":"2025-10-22T10:54:54","modified_gmt":"2025-10-22T08:54:54","slug":"creacio-dun-imatge-corpurativa","status":"publish","type":"page","link":"https:\/\/ahassan.inscastellbisbal.net\/?page_id=464","title":{"rendered":"Creaci\u00f3 d&#8217;un imatge corpurativa."},"content":{"rendered":"\n<p>He creat la meva imatge corporativa.<\/p>\n\n\n\n<figure class=\"wp-block-image size-full is-resized\"><img loading=\"lazy\" decoding=\"async\" width=\"400\" height=\"400\" src=\"https:\/\/ahassan.inscastellbisbal.net\/wp-content\/uploads\/2025\/10\/myAvatar.png\" alt=\"\" class=\"wp-image-465\" style=\"width:149px;height:auto\" srcset=\"https:\/\/ahassan.inscastellbisbal.net\/wp-content\/uploads\/2025\/10\/myAvatar.png 400w, https:\/\/ahassan.inscastellbisbal.net\/wp-content\/uploads\/2025\/10\/myAvatar-300x300.png 300w, https:\/\/ahassan.inscastellbisbal.net\/wp-content\/uploads\/2025\/10\/myAvatar-150x150.png 150w\" sizes=\"auto, (max-width: 400px) 100vw, 400px\" \/><\/figure>\n\n\n\n<p><strong>com fer-ho<\/strong><\/p>\n\n\n\n<p>per crear la meva imatge corporativa he utilitzat una web anomenada <strong>crear tu avatar<\/strong><\/p>\n\n\n\n<figure class=\"wp-block-image size-full\"><img loading=\"lazy\" decoding=\"async\" width=\"835\" height=\"188\" src=\"https:\/\/ahassan.inscastellbisbal.net\/wp-content\/uploads\/2025\/10\/Screenshot-2025-10-01-at-08-26-28-crear-avatar-Buscar-con-Google.png\" alt=\"\" class=\"wp-image-466\" srcset=\"https:\/\/ahassan.inscastellbisbal.net\/wp-content\/uploads\/2025\/10\/Screenshot-2025-10-01-at-08-26-28-crear-avatar-Buscar-con-Google.png 835w, https:\/\/ahassan.inscastellbisbal.net\/wp-content\/uploads\/2025\/10\/Screenshot-2025-10-01-at-08-26-28-crear-avatar-Buscar-con-Google-300x68.png 300w, https:\/\/ahassan.inscastellbisbal.net\/wp-content\/uploads\/2025\/10\/Screenshot-2025-10-01-at-08-26-28-crear-avatar-Buscar-con-Google-768x173.png 768w\" sizes=\"auto, (max-width: 835px) 100vw, 835px\" \/><\/figure>\n\n\n\n<p>despr\u00e9s d&#8217;obrir la web, nom\u00e9s cal que seleccioneu el g\u00e8nere i comenceu a crear la vostra imatge<\/p>\n\n\n\n<figure class=\"wp-block-image size-large\"><img loading=\"lazy\" decoding=\"async\" width=\"1024\" height=\"502\" src=\"https:\/\/ahassan.inscastellbisbal.net\/wp-content\/uploads\/2025\/10\/Screenshot-2025-10-01-at-08-24-23-Crear-Tu-Avatar-Crear-Avatar-Gratis-1024x502.png\" alt=\"\" class=\"wp-image-468\" srcset=\"https:\/\/ahassan.inscastellbisbal.net\/wp-content\/uploads\/2025\/10\/Screenshot-2025-10-01-at-08-24-23-Crear-Tu-Avatar-Crear-Avatar-Gratis-1024x502.png 1024w, https:\/\/ahassan.inscastellbisbal.net\/wp-content\/uploads\/2025\/10\/Screenshot-2025-10-01-at-08-24-23-Crear-Tu-Avatar-Crear-Avatar-Gratis-300x147.png 300w, https:\/\/ahassan.inscastellbisbal.net\/wp-content\/uploads\/2025\/10\/Screenshot-2025-10-01-at-08-24-23-Crear-Tu-Avatar-Crear-Avatar-Gratis-768x377.png 768w, https:\/\/ahassan.inscastellbisbal.net\/wp-content\/uploads\/2025\/10\/Screenshot-2025-10-01-at-08-24-23-Crear-Tu-Avatar-Crear-Avatar-Gratis-1536x754.png 1536w, https:\/\/ahassan.inscastellbisbal.net\/wp-content\/uploads\/2025\/10\/Screenshot-2025-10-01-at-08-24-23-Crear-Tu-Avatar-Crear-Avatar-Gratis.png 1908w\" sizes=\"auto, (max-width: 1024px) 100vw, 1024px\" \/><\/figure>\n\n\n\n<p>No t\u00e9 moltes opcions ni coses, per\u00f2 \u00e9s \u00fatil i f\u00e0cil d&#8217;utilitzar i no trigar\u00e0 gaire temps.<\/p>\n\n\n\n<figure class=\"wp-block-image size-large\"><img loading=\"lazy\" decoding=\"async\" width=\"1024\" height=\"631\" src=\"https:\/\/ahassan.inscastellbisbal.net\/wp-content\/uploads\/2025\/10\/Screenshot-2025-10-01-at-08-24-37-Crear-Tu-Avatar-Crear-Avatar-Gratis-1-1024x631.png\" alt=\"\" class=\"wp-image-469\" srcset=\"https:\/\/ahassan.inscastellbisbal.net\/wp-content\/uploads\/2025\/10\/Screenshot-2025-10-01-at-08-24-37-Crear-Tu-Avatar-Crear-Avatar-Gratis-1-1024x631.png 1024w, https:\/\/ahassan.inscastellbisbal.net\/wp-content\/uploads\/2025\/10\/Screenshot-2025-10-01-at-08-24-37-Crear-Tu-Avatar-Crear-Avatar-Gratis-1-300x185.png 300w, https:\/\/ahassan.inscastellbisbal.net\/wp-content\/uploads\/2025\/10\/Screenshot-2025-10-01-at-08-24-37-Crear-Tu-Avatar-Crear-Avatar-Gratis-1-768x473.png 768w, https:\/\/ahassan.inscastellbisbal.net\/wp-content\/uploads\/2025\/10\/Screenshot-2025-10-01-at-08-24-37-Crear-Tu-Avatar-Crear-Avatar-Gratis-1.png 1170w\" sizes=\"auto, (max-width: 1024px) 100vw, 1024px\" \/><\/figure>\n\n\n\n<p>despr\u00e9s de crear-lo, el podeu descarregar per qualsevol fotograma que vulgueu<\/p>\n\n\n\n<figure class=\"wp-block-image size-full is-resized\"><img loading=\"lazy\" decoding=\"async\" width=\"437\" height=\"412\" src=\"https:\/\/ahassan.inscastellbisbal.net\/wp-content\/uploads\/2025\/10\/Screenshot-at-2025-10-01-08-30-17.png\" alt=\"\" class=\"wp-image-470\" style=\"width:279px;height:auto\" srcset=\"https:\/\/ahassan.inscastellbisbal.net\/wp-content\/uploads\/2025\/10\/Screenshot-at-2025-10-01-08-30-17.png 437w, https:\/\/ahassan.inscastellbisbal.net\/wp-content\/uploads\/2025\/10\/Screenshot-at-2025-10-01-08-30-17-300x283.png 300w\" sizes=\"auto, (max-width: 437px) 100vw, 437px\" \/><\/figure>\n\n\n\n<p>Quan tinguis el teu avatar creat, el pots posar on vulguis, com ara un <strong>logotip<\/strong> o una imatge de perfil per a qualsevol lloc web.<\/p>\n\n\n\n<figure class=\"wp-block-image size-full\"><img loading=\"lazy\" decoding=\"async\" width=\"500\" height=\"500\" src=\"https:\/\/ahassan.inscastellbisbal.net\/wp-content\/uploads\/2025\/10\/Ali-Hassan.png\" alt=\"\" class=\"wp-image-735\" srcset=\"https:\/\/ahassan.inscastellbisbal.net\/wp-content\/uploads\/2025\/10\/Ali-Hassan.png 500w, https:\/\/ahassan.inscastellbisbal.net\/wp-content\/uploads\/2025\/10\/Ali-Hassan-300x300.png 300w, https:\/\/ahassan.inscastellbisbal.net\/wp-content\/uploads\/2025\/10\/Ali-Hassan-150x150.png 150w\" sizes=\"auto, (max-width: 500px) 100vw, 500px\" \/><\/figure>\n\n\n\n<p>Aquest \u00e9s el meu <strong>logo<\/strong> de <strong>WordPress<\/strong> i l&#8217;he fet a <strong>Canva<\/strong>.<\/p>\n","protected":false},"excerpt":{"rendered":"<p>He creat la meva imatge corporativa. com fer-ho per crear la meva imatge corporativa he utilitzat una web anomenada crear tu avatar despr\u00e9s d&#8217;obrir la web, nom\u00e9s cal que seleccioneu el g\u00e8nere i comenceu a crear la vostra imatge No t\u00e9 moltes opcions ni coses, per\u00f2 \u00e9s \u00fatil i f\u00e0cil [&hellip;]<\/p>\n","protected":false},"author":1,"featured_media":0,"parent":87,"menu_order":0,"comment_status":"closed","ping_status":"closed","template":"","meta":{"footnotes":""},"class_list":["post-464","page","type-page","status-publish","hentry"],"_links":{"self":[{"href":"https:\/\/ahassan.inscastellbisbal.net\/index.php?rest_route=\/wp\/v2\/pages\/464","targetHints":{"allow":["GET"]}}],"collection":[{"href":"https:\/\/ahassan.inscastellbisbal.net\/index.php?rest_route=\/wp\/v2\/pages"}],"about":[{"href":"https:\/\/ahassan.inscastellbisbal.net\/index.php?rest_route=\/wp\/v2\/types\/page"}],"author":[{"embeddable":true,"href":"https:\/\/ahassan.inscastellbisbal.net\/index.php?rest_route=\/wp\/v2\/users\/1"}],"replies":[{"embeddable":true,"href":"https:\/\/ahassan.inscastellbisbal.net\/index.php?rest_route=%2Fwp%2Fv2%2Fcomments&post=464"}],"version-history":[{"count":2,"href":"https:\/\/ahassan.inscastellbisbal.net\/index.php?rest_route=\/wp\/v2\/pages\/464\/revisions"}],"predecessor-version":[{"id":737,"href":"https:\/\/ahassan.inscastellbisbal.net\/index.php?rest_route=\/wp\/v2\/pages\/464\/revisions\/737"}],"up":[{"embeddable":true,"href":"https:\/\/ahassan.inscastellbisbal.net\/index.php?rest_route=\/wp\/v2\/pages\/87"}],"wp:attachment":[{"href":"https:\/\/ahassan.inscastellbisbal.net\/index.php?rest_route=%2Fwp%2Fv2%2Fmedia&parent=464"}],"curies":[{"name":"wp","href":"https:\/\/api.w.org\/{rel}","templated":true}]}}