{"id":880,"date":"2025-11-04T08:14:17","date_gmt":"2025-11-04T07:14:17","guid":{"rendered":"https:\/\/ahassan.inscastellbisbal.net\/?page_id=880"},"modified":"2025-11-04T12:41:10","modified_gmt":"2025-11-04T11:41:10","slug":"neteja-i-adequacio-dels-components","status":"publish","type":"page","link":"https:\/\/ahassan.inscastellbisbal.net\/?page_id=880","title":{"rendered":"Neteja i adequaci\u00f3 dels components"},"content":{"rendered":"\n<p> Hem netejat l&#8217;ordinador i les seves parts amb un compressor d&#8217;aire que llan\u00e7a l&#8217;aire molt r\u00e0pid i elimina la brut\u00edcia de les peces.<\/p>\n\n\n\n<figure class=\"wp-block-image size-large is-resized\"><img loading=\"lazy\" decoding=\"async\" width=\"1024\" height=\"640\" src=\"https:\/\/ahassan.inscastellbisbal.net\/wp-content\/uploads\/2025\/11\/Screenshot_20251029-103818_Gallery-1024x640.jpg\" alt=\"\" class=\"wp-image-881\" style=\"width:512px;height:auto\" srcset=\"https:\/\/ahassan.inscastellbisbal.net\/wp-content\/uploads\/2025\/11\/Screenshot_20251029-103818_Gallery-1024x640.jpg 1024w, https:\/\/ahassan.inscastellbisbal.net\/wp-content\/uploads\/2025\/11\/Screenshot_20251029-103818_Gallery-300x188.jpg 300w, https:\/\/ahassan.inscastellbisbal.net\/wp-content\/uploads\/2025\/11\/Screenshot_20251029-103818_Gallery-768x480.jpg 768w, https:\/\/ahassan.inscastellbisbal.net\/wp-content\/uploads\/2025\/11\/Screenshot_20251029-103818_Gallery-1536x960.jpg 1536w, https:\/\/ahassan.inscastellbisbal.net\/wp-content\/uploads\/2025\/11\/Screenshot_20251029-103818_Gallery.jpg 1920w\" sizes=\"auto, (max-width: 1024px) 100vw, 1024px\" \/><\/figure>\n\n\n\n<figure class=\"wp-block-image size-large is-resized\"><img loading=\"lazy\" decoding=\"async\" width=\"1024\" height=\"640\" src=\"https:\/\/ahassan.inscastellbisbal.net\/wp-content\/uploads\/2025\/11\/Screenshot_20251029-103901_Gallery-1024x640.jpg\" alt=\"\" class=\"wp-image-882\" style=\"width:517px;height:auto\" srcset=\"https:\/\/ahassan.inscastellbisbal.net\/wp-content\/uploads\/2025\/11\/Screenshot_20251029-103901_Gallery-1024x640.jpg 1024w, https:\/\/ahassan.inscastellbisbal.net\/wp-content\/uploads\/2025\/11\/Screenshot_20251029-103901_Gallery-300x188.jpg 300w, https:\/\/ahassan.inscastellbisbal.net\/wp-content\/uploads\/2025\/11\/Screenshot_20251029-103901_Gallery-768x480.jpg 768w, https:\/\/ahassan.inscastellbisbal.net\/wp-content\/uploads\/2025\/11\/Screenshot_20251029-103901_Gallery-1536x960.jpg 1536w, https:\/\/ahassan.inscastellbisbal.net\/wp-content\/uploads\/2025\/11\/Screenshot_20251029-103901_Gallery.jpg 1920w\" sizes=\"auto, (max-width: 1024px) 100vw, 1024px\" \/><\/figure>\n\n\n\n<figure class=\"wp-block-image size-large is-resized\"><img loading=\"lazy\" decoding=\"async\" width=\"1024\" height=\"640\" src=\"https:\/\/ahassan.inscastellbisbal.net\/wp-content\/uploads\/2025\/11\/Screenshot_20251029-103818_Gallery1-1024x640.jpg\" alt=\"\" class=\"wp-image-883\" style=\"width:527px;height:auto\" srcset=\"https:\/\/ahassan.inscastellbisbal.net\/wp-content\/uploads\/2025\/11\/Screenshot_20251029-103818_Gallery1-1024x640.jpg 1024w, https:\/\/ahassan.inscastellbisbal.net\/wp-content\/uploads\/2025\/11\/Screenshot_20251029-103818_Gallery1-300x188.jpg 300w, https:\/\/ahassan.inscastellbisbal.net\/wp-content\/uploads\/2025\/11\/Screenshot_20251029-103818_Gallery1-768x480.jpg 768w, https:\/\/ahassan.inscastellbisbal.net\/wp-content\/uploads\/2025\/11\/Screenshot_20251029-103818_Gallery1-1536x960.jpg 1536w, https:\/\/ahassan.inscastellbisbal.net\/wp-content\/uploads\/2025\/11\/Screenshot_20251029-103818_Gallery1.jpg 1920w\" sizes=\"auto, (max-width: 1024px) 100vw, 1024px\" \/><\/figure>\n","protected":false},"excerpt":{"rendered":"<p>Hem netejat l&#8217;ordinador i les seves parts amb un compressor d&#8217;aire que llan\u00e7a l&#8217;aire molt r\u00e0pid i elimina la brut\u00edcia de les peces.<\/p>\n","protected":false},"author":1,"featured_media":0,"parent":824,"menu_order":0,"comment_status":"closed","ping_status":"closed","template":"","meta":{"footnotes":""},"class_list":["post-880","page","type-page","status-publish","hentry"],"_links":{"self":[{"href":"https:\/\/ahassan.inscastellbisbal.net\/index.php?rest_route=\/wp\/v2\/pages\/880","targetHints":{"allow":["GET"]}}],"collection":[{"href":"https:\/\/ahassan.inscastellbisbal.net\/index.php?rest_route=\/wp\/v2\/pages"}],"about":[{"href":"https:\/\/ahassan.inscastellbisbal.net\/index.php?rest_route=\/wp\/v2\/types\/page"}],"author":[{"embeddable":true,"href":"https:\/\/ahassan.inscastellbisbal.net\/index.php?rest_route=\/wp\/v2\/users\/1"}],"replies":[{"embeddable":true,"href":"https:\/\/ahassan.inscastellbisbal.net\/index.php?rest_route=%2Fwp%2Fv2%2Fcomments&post=880"}],"version-history":[{"count":1,"href":"https:\/\/ahassan.inscastellbisbal.net\/index.php?rest_route=\/wp\/v2\/pages\/880\/revisions"}],"predecessor-version":[{"id":884,"href":"https:\/\/ahassan.inscastellbisbal.net\/index.php?rest_route=\/wp\/v2\/pages\/880\/revisions\/884"}],"up":[{"embeddable":true,"href":"https:\/\/ahassan.inscastellbisbal.net\/index.php?rest_route=\/wp\/v2\/pages\/824"}],"wp:attachment":[{"href":"https:\/\/ahassan.inscastellbisbal.net\/index.php?rest_route=%2Fwp%2Fv2%2Fmedia&parent=880"}],"curies":[{"name":"wp","href":"https:\/\/api.w.org\/{rel}","templated":true}]}}